{"id":102078,"date":"2022-09-28T20:28:05","date_gmt":"2022-09-28T18:28:05","guid":{"rendered":"https:\/\/www.region-a3.com\/?post_type=mediagallery&#038;p=102078"},"modified":"2023-02-06T10:48:22","modified_gmt":"2023-02-06T09:48:22","slug":"familienunternehmen-schoeffel","status":"publish","type":"mediagallery","link":"https:\/\/www.region-a3.com\/en\/galerie\/familienunternehmen-schoeffel\/","title":{"rendered":"Familienunternehmen Sch\u00f6ffel"},"content":{"rendered":"<p class=\"p1\">Wir sind vielf\u00e4ltig, liebenswert, dynamisch, werteorientiert, nah beinander &#8230; Wir sind die Region Augsburg! Wir pr\u00e4sentieren Ihnen die unterschiedlichen Merkmale und Facetten der Region Augsburg in kurzen Clippings.<\/p>\n<p class=\"p1\">Wir durften Peter Sch\u00f6ffel bei seiner Arbeit \u00fcber die Schulter schauen. Von der Arbeit in seinem B\u00fcro haben wir ihn bei einem Rundgang durch das Unternehmen begleitet und konnten so einen Einblick in das Service-Center mit N\u00e4herei und das Developement-Center erhaschen.<\/p>\n<p class=\"p1\">Dieser Videoclip ist bezuschusst mit F\u00f6rdermitteln des Bayerischen Staatsministeriums der Finanzen und f\u00fcr Heimat im Rahmen des Projekts Regionale Identit\u00e4t.<\/p>\n<p class=\"p1\">Video: @ZEHNTAUSENDGRAD Videowerbung<\/p>\n<p><a class=\"btn btn-outline-primary mt-3\" title=\"button\" href=\"https:\/\/www.region-a3.com\/fact\/videoclip-familienunternehmen_schoeffel\/\" target=\"_blank\" rel=\"noopener\">Mehr Infos zum Video<\/a><\/p>\n","protected":false},"excerpt":{"rendered":"<p>Wir sind vielf\u00e4ltig, liebenswert, dynamisch, werteorientiert, nah beinander &#8230; Wir sind die Region Augsburg! Wir pr\u00e4sentieren Ihnen die unterschiedlichen Merkmale und Facetten der Region Augsburg in kurzen Clippings. Wir durften Peter Sch\u00f6ffel bei seiner Arbeit \u00fcber die Schulter schauen. Von der Arbeit in seinem B\u00fcro haben wir ihn bei einem Rundgang durch das Unternehmen begleitet [&hellip;]<\/p>\n","protected":false},"featured_media":0,"template":"","meta":{"_acf_changed":false},"gallery_name":[253,261],"mediagallerien_category":[290,300,293,271,304,298,280],"mediengallerie_tag":[320],"mediagallery_cat":[256],"class_list":["post-102078","mediagallery","type-mediagallery","status-publish","hentry","gallery_name-haupt_galerie","gallery_name-regionale-identitaet","mediagallerien_category-arbeit","mediagallerien_category-branchenvielfalt","mediagallerien_category-dynamik","mediagallerien_category-nachhaltigkeit","mediagallerien_category-standorttreue","mediagallerien_category-wirtschaftskraft","mediagallerien_category-zukunftsfaehigkeit","mediengallerie_tag-schoeffel","mediagallery_cat-video"],"acf":[],"yoast_head":"<!-- This site is optimized with the Yoast SEO plugin v27.5 - https:\/\/yoast.com\/product\/yoast-seo-wordpress\/ -->\n<title>Familienunternehmen Sch\u00f6ffel &#187; A\u00b3<\/title>\n<meta name=\"robots\" content=\"index, follow, max-snippet:-1, max-image-preview:large, max-video-preview:-1\" \/>\n<link rel=\"canonical\" href=\"https:\/\/www.region-a3.com\/en\/galerie\/familienunternehmen-schoeffel\/\" \/>\n<meta property=\"og:locale\" content=\"en_US\" \/>\n<meta property=\"og:type\" content=\"article\" \/>\n<meta property=\"og:title\" content=\"Familienunternehmen Sch\u00f6ffel &#187; A\u00b3\" \/>\n<meta property=\"og:description\" content=\"Wir sind vielf\u00e4ltig, liebenswert, dynamisch, werteorientiert, nah beinander &#8230; Wir sind die Region Augsburg! Wir pr\u00e4sentieren Ihnen die unterschiedlichen Merkmale und Facetten der Region Augsburg in kurzen Clippings. Wir durften Peter Sch\u00f6ffel bei seiner Arbeit \u00fcber die Schulter schauen. Von der Arbeit in seinem B\u00fcro haben wir ihn bei einem Rundgang durch das Unternehmen begleitet [&hellip;]\" \/>\n<meta property=\"og:url\" content=\"https:\/\/www.region-a3.com\/en\/galerie\/familienunternehmen-schoeffel\/\" \/>\n<meta property=\"og:site_name\" content=\"A\u00b3\" \/>\n<meta property=\"article:publisher\" content=\"https:\/\/www.facebook.com\/pages\/Regio-Augsburg-Wirtschaft-GmbH\/517310831654971\" \/>\n<meta property=\"article:modified_time\" content=\"2023-02-06T09:48:22+00:00\" \/>\n<meta property=\"og:image\" content=\"https:\/\/www.region-a3.com\/wp-content\/uploads\/2021\/02\/A3-favicon_192x192px.png\" \/>\n\t<meta property=\"og:image:width\" content=\"192\" \/>\n\t<meta property=\"og:image:height\" content=\"192\" \/>\n\t<meta property=\"og:image:type\" content=\"image\/png\" \/>\n<meta name=\"twitter:card\" content=\"summary_large_image\" \/>\n<meta name=\"twitter:site\" content=\"@ahoch3_augsburg\" \/>\n<meta name=\"twitter:label1\" content=\"Est. reading time\" \/>\n\t<meta name=\"twitter:data1\" content=\"1 minute\" \/>\n<script type=\"application\/ld+json\" class=\"yoast-schema-graph\">{\"@context\":\"https:\\\/\\\/schema.org\",\"@graph\":[{\"@type\":\"WebPage\",\"@id\":\"https:\\\/\\\/www.region-a3.com\\\/en\\\/galerie\\\/familienunternehmen-schoeffel\\\/\",\"url\":\"https:\\\/\\\/www.region-a3.com\\\/en\\\/galerie\\\/familienunternehmen-schoeffel\\\/\",\"name\":\"Familienunternehmen Sch\u00f6ffel &#187; A\u00b3\",\"isPartOf\":{\"@id\":\"https:\\\/\\\/www.region-a3.com\\\/en\\\/#website\"},\"datePublished\":\"2022-09-28T18:28:05+00:00\",\"dateModified\":\"2023-02-06T09:48:22+00:00\",\"breadcrumb\":{\"@id\":\"https:\\\/\\\/www.region-a3.com\\\/en\\\/galerie\\\/familienunternehmen-schoeffel\\\/#breadcrumb\"},\"inLanguage\":\"en-US\",\"potentialAction\":[{\"@type\":\"ReadAction\",\"target\":[\"https:\\\/\\\/www.region-a3.com\\\/en\\\/galerie\\\/familienunternehmen-schoeffel\\\/\"]}]},{\"@type\":\"BreadcrumbList\",\"@id\":\"https:\\\/\\\/www.region-a3.com\\\/en\\\/galerie\\\/familienunternehmen-schoeffel\\\/#breadcrumb\",\"itemListElement\":[{\"@type\":\"ListItem\",\"position\":1,\"name\":\"Mediengallerien\",\"item\":\"https:\\\/\\\/www.region-a3.com\\\/en\\\/galerie\\\/\"},{\"@type\":\"ListItem\",\"position\":2,\"name\":\"Familienunternehmen Sch\u00f6ffel\"}]},{\"@type\":\"WebSite\",\"@id\":\"https:\\\/\\\/www.region-a3.com\\\/en\\\/#website\",\"url\":\"https:\\\/\\\/www.region-a3.com\\\/en\\\/\",\"name\":\"A\u00b3\",\"description\":\"Website der Regio Augsburg Wirtschaft GmbH\",\"publisher\":{\"@id\":\"https:\\\/\\\/www.region-a3.com\\\/en\\\/#organization\"},\"potentialAction\":[{\"@type\":\"SearchAction\",\"target\":{\"@type\":\"EntryPoint\",\"urlTemplate\":\"https:\\\/\\\/www.region-a3.com\\\/en\\\/?s={search_term_string}\"},\"query-input\":{\"@type\":\"PropertyValueSpecification\",\"valueRequired\":true,\"valueName\":\"search_term_string\"}}],\"inLanguage\":\"en-US\"},{\"@type\":\"Organization\",\"@id\":\"https:\\\/\\\/www.region-a3.com\\\/en\\\/#organization\",\"name\":\"Regio Augsburg Wirtschaft GmbH\",\"url\":\"https:\\\/\\\/www.region-a3.com\\\/en\\\/\",\"logo\":{\"@type\":\"ImageObject\",\"inLanguage\":\"en-US\",\"@id\":\"https:\\\/\\\/www.region-a3.com\\\/en\\\/#\\\/schema\\\/logo\\\/image\\\/\",\"url\":\"https:\\\/\\\/www.region-a3.com\\\/wp-content\\\/uploads\\\/2020\\\/11\\\/A3-Regio_Augsburg_Wirtschaft-Logo-rgb.jpg\",\"contentUrl\":\"https:\\\/\\\/www.region-a3.com\\\/wp-content\\\/uploads\\\/2020\\\/11\\\/A3-Regio_Augsburg_Wirtschaft-Logo-rgb.jpg\",\"width\":692,\"height\":265,\"caption\":\"Regio Augsburg Wirtschaft GmbH\"},\"image\":{\"@id\":\"https:\\\/\\\/www.region-a3.com\\\/en\\\/#\\\/schema\\\/logo\\\/image\\\/\"},\"sameAs\":[\"https:\\\/\\\/www.facebook.com\\\/pages\\\/Regio-Augsburg-Wirtschaft-GmbH\\\/517310831654971\",\"https:\\\/\\\/x.com\\\/ahoch3_augsburg\",\"https:\\\/\\\/www.linkedin.com\\\/company\\\/regio-augsburg-wirtschaft-gmbh\",\"https:\\\/\\\/www.youtube.com\\\/user\\\/RegionA3\"]}]}<\/script>\n<!-- \/ Yoast SEO plugin. -->","yoast_head_json":{"title":"Familienunternehmen Sch\u00f6ffel &#187; A\u00b3","robots":{"index":"index","follow":"follow","max-snippet":"max-snippet:-1","max-image-preview":"max-image-preview:large","max-video-preview":"max-video-preview:-1"},"canonical":"https:\/\/www.region-a3.com\/en\/galerie\/familienunternehmen-schoeffel\/","og_locale":"en_US","og_type":"article","og_title":"Familienunternehmen Sch\u00f6ffel &#187; A\u00b3","og_description":"Wir sind vielf\u00e4ltig, liebenswert, dynamisch, werteorientiert, nah beinander &#8230; Wir sind die Region Augsburg! Wir pr\u00e4sentieren Ihnen die unterschiedlichen Merkmale und Facetten der Region Augsburg in kurzen Clippings. Wir durften Peter Sch\u00f6ffel bei seiner Arbeit \u00fcber die Schulter schauen. Von der Arbeit in seinem B\u00fcro haben wir ihn bei einem Rundgang durch das Unternehmen begleitet [&hellip;]","og_url":"https:\/\/www.region-a3.com\/en\/galerie\/familienunternehmen-schoeffel\/","og_site_name":"A\u00b3","article_publisher":"https:\/\/www.facebook.com\/pages\/Regio-Augsburg-Wirtschaft-GmbH\/517310831654971","article_modified_time":"2023-02-06T09:48:22+00:00","og_image":[{"width":192,"height":192,"url":"https:\/\/www.region-a3.com\/wp-content\/uploads\/2021\/02\/A3-favicon_192x192px.png","type":"image\/png"}],"twitter_card":"summary_large_image","twitter_site":"@ahoch3_augsburg","twitter_misc":{"Est. reading time":"1 minute"},"schema":{"@context":"https:\/\/schema.org","@graph":[{"@type":"WebPage","@id":"https:\/\/www.region-a3.com\/en\/galerie\/familienunternehmen-schoeffel\/","url":"https:\/\/www.region-a3.com\/en\/galerie\/familienunternehmen-schoeffel\/","name":"Familienunternehmen Sch\u00f6ffel &#187; A\u00b3","isPartOf":{"@id":"https:\/\/www.region-a3.com\/en\/#website"},"datePublished":"2022-09-28T18:28:05+00:00","dateModified":"2023-02-06T09:48:22+00:00","breadcrumb":{"@id":"https:\/\/www.region-a3.com\/en\/galerie\/familienunternehmen-schoeffel\/#breadcrumb"},"inLanguage":"en-US","potentialAction":[{"@type":"ReadAction","target":["https:\/\/www.region-a3.com\/en\/galerie\/familienunternehmen-schoeffel\/"]}]},{"@type":"BreadcrumbList","@id":"https:\/\/www.region-a3.com\/en\/galerie\/familienunternehmen-schoeffel\/#breadcrumb","itemListElement":[{"@type":"ListItem","position":1,"name":"Mediengallerien","item":"https:\/\/www.region-a3.com\/en\/galerie\/"},{"@type":"ListItem","position":2,"name":"Familienunternehmen Sch\u00f6ffel"}]},{"@type":"WebSite","@id":"https:\/\/www.region-a3.com\/en\/#website","url":"https:\/\/www.region-a3.com\/en\/","name":"A\u00b3","description":"Website der Regio Augsburg Wirtschaft GmbH","publisher":{"@id":"https:\/\/www.region-a3.com\/en\/#organization"},"potentialAction":[{"@type":"SearchAction","target":{"@type":"EntryPoint","urlTemplate":"https:\/\/www.region-a3.com\/en\/?s={search_term_string}"},"query-input":{"@type":"PropertyValueSpecification","valueRequired":true,"valueName":"search_term_string"}}],"inLanguage":"en-US"},{"@type":"Organization","@id":"https:\/\/www.region-a3.com\/en\/#organization","name":"Regio Augsburg Wirtschaft GmbH","url":"https:\/\/www.region-a3.com\/en\/","logo":{"@type":"ImageObject","inLanguage":"en-US","@id":"https:\/\/www.region-a3.com\/en\/#\/schema\/logo\/image\/","url":"https:\/\/www.region-a3.com\/wp-content\/uploads\/2020\/11\/A3-Regio_Augsburg_Wirtschaft-Logo-rgb.jpg","contentUrl":"https:\/\/www.region-a3.com\/wp-content\/uploads\/2020\/11\/A3-Regio_Augsburg_Wirtschaft-Logo-rgb.jpg","width":692,"height":265,"caption":"Regio Augsburg Wirtschaft GmbH"},"image":{"@id":"https:\/\/www.region-a3.com\/en\/#\/schema\/logo\/image\/"},"sameAs":["https:\/\/www.facebook.com\/pages\/Regio-Augsburg-Wirtschaft-GmbH\/517310831654971","https:\/\/x.com\/ahoch3_augsburg","https:\/\/www.linkedin.com\/company\/regio-augsburg-wirtschaft-gmbh","https:\/\/www.youtube.com\/user\/RegionA3"]}]}},"publishpress_future_workflow_manual_trigger":{"enabledWorkflows":[]},"_links":{"self":[{"href":"https:\/\/www.region-a3.com\/en\/wp-json\/wp\/v2\/mediagallery\/102078","targetHints":{"allow":["GET"]}}],"collection":[{"href":"https:\/\/www.region-a3.com\/en\/wp-json\/wp\/v2\/mediagallery"}],"about":[{"href":"https:\/\/www.region-a3.com\/en\/wp-json\/wp\/v2\/types\/mediagallery"}],"wp:attachment":[{"href":"https:\/\/www.region-a3.com\/en\/wp-json\/wp\/v2\/media?parent=102078"}],"wp:term":[{"taxonomy":"gallery_name","embeddable":true,"href":"https:\/\/www.region-a3.com\/en\/wp-json\/wp\/v2\/gallery_name?post=102078"},{"taxonomy":"mediagallerien_category","embeddable":true,"href":"https:\/\/www.region-a3.com\/en\/wp-json\/wp\/v2\/mediagallerien_category?post=102078"},{"taxonomy":"mediengallerie_tag","embeddable":true,"href":"https:\/\/www.region-a3.com\/en\/wp-json\/wp\/v2\/mediengallerie_tag?post=102078"},{"taxonomy":"mediagallery_cat","embeddable":true,"href":"https:\/\/www.region-a3.com\/en\/wp-json\/wp\/v2\/mediagallery_cat?post=102078"}],"curies":[{"name":"wp","href":"https:\/\/api.w.org\/{rel}","templated":true}]}}

Familienunternehmen Schöffel

<p class="p1">Wir sind vielfältig, liebenswert, dynamisch, werteorientiert, nah beinander &#8230; Wir sind die Region Augsburg! Wir präsentieren Ihnen die unterschiedlichen Merkmale und Facetten der Region Augsburg in kurzen Clippings.</p>
<p class="p1">Wir durften Peter Schöffel bei seiner Arbeit über die Schulter schauen. Von der Arbeit in seinem Büro haben wir ihn bei einem Rundgang durch das Unternehmen begleitet und konnten so einen Einblick in das Service-Center mit Näherei und das Developement-Center erhaschen.</p>
<p class="p1">Dieser Videoclip ist bezuschusst mit Fördermitteln des Bayerischen Staatsministeriums der Finanzen und für Heimat im Rahmen des Projekts Regionale Identität.</p>
<p class="p1">Video: @ZEHNTAUSENDGRAD Videowerbung</p>
<p><a class="btn btn-outline-primary mt-3" title="button" href="https://www.region-a3.com/fact/videoclip-familienunternehmen_schoeffel/" target="_blank" rel="noopener">Mehr Infos zum Video</a></p>

<p>Wir sind vielfältig, liebenswert, dynamisch, werteorientiert, nah beinander &#8230; Wir sind die Region Augsburg! Wir präsentieren Ihnen die unterschiedlichen Merkmale und Facetten der Region Augsburg in kurzen Clippings. Wir durften Peter Schöffel bei seiner Arbeit über die Schulter schauen. Von der Arbeit in seinem Büro haben wir ihn bei einem Rundgang durch das Unternehmen begleitet [&hellip;]</p>

<!-- This site is optimized with the Yoast SEO plugin v27.5 - https://yoast.com/product/yoast-seo-wordpress/ -->
<title>Familienunternehmen Schöffel &#187; A³</title>
<meta name="robots" content="index, follow, max-snippet:-1, max-image-preview:large, max-video-preview:-1" />
<link rel="canonical" href="https://www.region-a3.com/en/galerie/familienunternehmen-schoeffel/" />
<meta property="og:locale" content="en_US" />
<meta property="og:type" content="article" />
<meta property="og:title" content="Familienunternehmen Schöffel &#187; A³" />
<meta property="og:description" content="Wir sind vielfältig, liebenswert, dynamisch, werteorientiert, nah beinander &#8230; Wir sind die Region Augsburg! Wir präsentieren Ihnen die unterschiedlichen Merkmale und Facetten der Region Augsburg in kurzen Clippings. Wir durften Peter Schöffel bei seiner Arbeit über die Schulter schauen. Von der Arbeit in seinem Büro haben wir ihn bei einem Rundgang durch das Unternehmen begleitet [&hellip;]" />
<meta property="og:url" content="https://www.region-a3.com/en/galerie/familienunternehmen-schoeffel/" />
<meta property="og:site_name" content="A³" />
<meta property="article:publisher" content="https://www.facebook.com/pages/Regio-Augsburg-Wirtschaft-GmbH/517310831654971" />
<meta property="article:modified_time" content="2023-02-06T09:48:22+00:00" />
<meta property="og:image" content="https://www.region-a3.com/wp-content/uploads/2021/02/A3-favicon_192x192px.png" />
	<meta property="og:image:width" content="192" />
	<meta property="og:image:height" content="192" />
	<meta property="og:image:type" content="image/png" />
<meta name="twitter:card" content="summary_large_image" />
<meta name="twitter:site" content="@ahoch3_augsburg" />
<meta name="twitter:label1" content="Est. reading time" />
	<meta name="twitter:data1" content="1 minute" />
<script type="application/ld+json" class="yoast-schema-graph">{"@context":"https:\/\/schema.org","@graph":[{"@type":"WebPage","@id":"https:\/\/www.region-a3.com\/en\/galerie\/familienunternehmen-schoeffel\/","url":"https:\/\/www.region-a3.com\/en\/galerie\/familienunternehmen-schoeffel\/","name":"Familienunternehmen Schöffel &#187; A³","isPartOf":{"@id":"https:\/\/www.region-a3.com\/en\/#website"},"datePublished":"2022-09-28T18:28:05+00:00","dateModified":"2023-02-06T09:48:22+00:00","breadcrumb":{"@id":"https:\/\/www.region-a3.com\/en\/galerie\/familienunternehmen-schoeffel\/#breadcrumb"},"inLanguage":"en-US","potentialAction":[{"@type":"ReadAction","target":["https:\/\/www.region-a3.com\/en\/galerie\/familienunternehmen-schoeffel\/"]}]},{"@type":"BreadcrumbList","@id":"https:\/\/www.region-a3.com\/en\/galerie\/familienunternehmen-schoeffel\/#breadcrumb","itemListElement":[{"@type":"ListItem","position":1,"name":"Mediengallerien","item":"https:\/\/www.region-a3.com\/en\/galerie\/"},{"@type":"ListItem","position":2,"name":"Familienunternehmen Schöffel"}]},{"@type":"WebSite","@id":"https:\/\/www.region-a3.com\/en\/#website","url":"https:\/\/www.region-a3.com\/en\/","name":"A³","description":"Website der Regio Augsburg Wirtschaft GmbH","publisher":{"@id":"https:\/\/www.region-a3.com\/en\/#organization"},"potentialAction":[{"@type":"SearchAction","target":{"@type":"EntryPoint","urlTemplate":"https:\/\/www.region-a3.com\/en\/?s={search_term_string}"},"query-input":{"@type":"PropertyValueSpecification","valueRequired":true,"valueName":"search_term_string"}}],"inLanguage":"en-US"},{"@type":"Organization","@id":"https:\/\/www.region-a3.com\/en\/#organization","name":"Regio Augsburg Wirtschaft GmbH","url":"https:\/\/www.region-a3.com\/en\/","logo":{"@type":"ImageObject","inLanguage":"en-US","@id":"https:\/\/www.region-a3.com\/en\/#\/schema\/logo\/image\/","url":"https:\/\/www.region-a3.com\/wp-content\/uploads\/2020\/11\/A3-Regio_Augsburg_Wirtschaft-Logo-rgb.jpg","contentUrl":"https:\/\/www.region-a3.com\/wp-content\/uploads\/2020\/11\/A3-Regio_Augsburg_Wirtschaft-Logo-rgb.jpg","width":692,"height":265,"caption":"Regio Augsburg Wirtschaft GmbH"},"image":{"@id":"https:\/\/www.region-a3.com\/en\/#\/schema\/logo\/image\/"},"sameAs":["https:\/\/www.facebook.com\/pages\/Regio-Augsburg-Wirtschaft-GmbH\/517310831654971","https:\/\/x.com\/ahoch3_augsburg","https:\/\/www.linkedin.com\/company\/regio-augsburg-wirtschaft-gmbh","https:\/\/www.youtube.com\/user\/RegionA3"]}]}</script>
<!-- / Yoast SEO plugin. -->

Familienunternehmen Schöffel &#187; A³

Wir sind vielfältig, liebenswert, dynamisch, werteorientiert, nah beinander &#8230; Wir sind die Region Augsburg! Wir präsentieren Ihnen die unterschiedlichen Merkmale und Facetten der Region Augsburg in kurzen Clippings. Wir durften Peter Schöffel bei seiner Arbeit über die Schulter schauen. Von der Arbeit in seinem Büro haben wir ihn bei einem Rundgang durch das Unternehmen begleitet [&hellip;]
