{"id":102081,"date":"2022-09-28T20:45:46","date_gmt":"2022-09-28T18:45:46","guid":{"rendered":"https:\/\/www.region-a3.com\/?post_type=mediagallery&#038;p=102081"},"modified":"2025-05-26T09:48:33","modified_gmt":"2025-05-26T07:48:33","slug":"ehrenamtliches-engagement-im-buergernetz-friedberg","status":"publish","type":"mediagallery","link":"https:\/\/www.region-a3.com\/en\/galerie\/ehrenamtliches-engagement-im-buergernetz-friedberg\/","title":{"rendered":"Ehrenamtliches Engagement im B\u00fcrgernetz Friedberg"},"content":{"rendered":"<p class=\"p1\">Wir sind vielf\u00e4ltig, liebenswert, dynamisch, werteorientiert, nah beinander &#8230; Wir sind die Region Augsburg! Wir pr\u00e4sentieren Ihnen die unterschiedlichen Merkmale und Facetten der Region Augsburg in kurzen Clippings.<\/p>\n<p class=\"p1\">Im B\u00fcrgernetz Friedberg engagieren sich Ehrenamtliche f\u00fcr das soziale Miteinander. Beim gemeinsamen Mittagstisch, im Caf\u00e9, bei den Gesangsgruppen und Ausflugsfahrten kommen Menschen zusammen. Der Tr\u00e4ger ist der Caritasverband f\u00fcr den Landkreis Aichach-Friedberg e. V. Wir haben zwei Menschen besucht, die sich hier einbringen. Danke an Sanjay Bhatti und an Annette Klein f\u00fcrs Mitmachen! #wirsindA3<\/p>\n<p class=\"p1\">Dieser Videoclip ist bezuschusst mit F\u00f6rdermitteln des Bayerischen Staatsministeriums der Finanzen und f\u00fcr Heimat im Rahmen des Projekts Regionale Identit\u00e4t.<\/p>\n<p class=\"p1\">Video: @ZEHNTAUSENDGRAD Videowerbung<\/p>\n<p><a class=\"btn btn-outline-primary mt-3\" title=\"button\" href=\"https:\/\/www.region-a3.com\/fact\/buergerschaftliches-engagement\/\" target=\"_blank\" rel=\"noopener\">Mehr Infos zum Video<\/a><\/p>\n","protected":false},"excerpt":{"rendered":"<p>Wir sind vielf\u00e4ltig, liebenswert, dynamisch, werteorientiert, nah beinander &#8230; Wir sind die Region Augsburg! Wir pr\u00e4sentieren Ihnen die unterschiedlichen Merkmale und Facetten der Region Augsburg in kurzen Clippings. Im B\u00fcrgernetz Friedberg engagieren sich Ehrenamtliche f\u00fcr das soziale Miteinander. Beim gemeinsamen Mittagstisch, im Caf\u00e9, bei den Gesangsgruppen und Ausflugsfahrten kommen Menschen zusammen. Der Tr\u00e4ger ist der [&hellip;]<\/p>\n","protected":false},"featured_media":0,"template":"","meta":{"_acf_changed":false},"gallery_name":[253,261],"mediagallerien_category":[334,275,288,262],"mediengallerie_tag":[277],"mediagallery_cat":[256],"class_list":["post-102081","mediagallery","type-mediagallery","status-publish","hentry","gallery_name-haupt_galerie","gallery_name-regionale-identitaet","mediagallerien_category-engagement","mediagallerien_category-soziales-umfeld","mediagallerien_category-tradition","mediagallerien_category-vereinsleben","mediengallerie_tag-nah-beieinander","mediagallery_cat-video"],"acf":[],"yoast_head":"<!-- This site is optimized with the Yoast SEO plugin v27.5 - https:\/\/yoast.com\/product\/yoast-seo-wordpress\/ -->\n<title>Ehrenamtliches Engagement im B\u00fcrgernetz Friedberg &#187; A\u00b3<\/title>\n<meta name=\"robots\" content=\"index, follow, max-snippet:-1, max-image-preview:large, max-video-preview:-1\" \/>\n<link rel=\"canonical\" href=\"https:\/\/www.region-a3.com\/en\/galerie\/ehrenamtliches-engagement-im-buergernetz-friedberg\/\" \/>\n<meta property=\"og:locale\" content=\"en_US\" \/>\n<meta property=\"og:type\" content=\"article\" \/>\n<meta property=\"og:title\" content=\"Ehrenamtliches Engagement im B\u00fcrgernetz Friedberg &#187; A\u00b3\" \/>\n<meta property=\"og:description\" content=\"Wir sind vielf\u00e4ltig, liebenswert, dynamisch, werteorientiert, nah beinander &#8230; Wir sind die Region Augsburg! Wir pr\u00e4sentieren Ihnen die unterschiedlichen Merkmale und Facetten der Region Augsburg in kurzen Clippings. Im B\u00fcrgernetz Friedberg engagieren sich Ehrenamtliche f\u00fcr das soziale Miteinander. Beim gemeinsamen Mittagstisch, im Caf\u00e9, bei den Gesangsgruppen und Ausflugsfahrten kommen Menschen zusammen. Der Tr\u00e4ger ist der [&hellip;]\" \/>\n<meta property=\"og:url\" content=\"https:\/\/www.region-a3.com\/en\/galerie\/ehrenamtliches-engagement-im-buergernetz-friedberg\/\" \/>\n<meta property=\"og:site_name\" content=\"A\u00b3\" \/>\n<meta property=\"article:publisher\" content=\"https:\/\/www.facebook.com\/pages\/Regio-Augsburg-Wirtschaft-GmbH\/517310831654971\" \/>\n<meta property=\"article:modified_time\" content=\"2025-05-26T07:48:33+00:00\" \/>\n<meta property=\"og:image\" content=\"https:\/\/www.region-a3.com\/wp-content\/uploads\/2021\/02\/A3-favicon_192x192px.png\" \/>\n\t<meta property=\"og:image:width\" content=\"192\" \/>\n\t<meta property=\"og:image:height\" content=\"192\" \/>\n\t<meta property=\"og:image:type\" content=\"image\/png\" \/>\n<meta name=\"twitter:card\" content=\"summary_large_image\" \/>\n<meta name=\"twitter:site\" content=\"@ahoch3_augsburg\" \/>\n<meta name=\"twitter:label1\" content=\"Est. reading time\" \/>\n\t<meta name=\"twitter:data1\" content=\"1 minute\" \/>\n<script type=\"application\/ld+json\" class=\"yoast-schema-graph\">{\"@context\":\"https:\\\/\\\/schema.org\",\"@graph\":[{\"@type\":\"WebPage\",\"@id\":\"https:\\\/\\\/www.region-a3.com\\\/en\\\/galerie\\\/ehrenamtliches-engagement-im-buergernetz-friedberg\\\/\",\"url\":\"https:\\\/\\\/www.region-a3.com\\\/en\\\/galerie\\\/ehrenamtliches-engagement-im-buergernetz-friedberg\\\/\",\"name\":\"Ehrenamtliches Engagement im B\u00fcrgernetz Friedberg &#187; A\u00b3\",\"isPartOf\":{\"@id\":\"https:\\\/\\\/www.region-a3.com\\\/en\\\/#website\"},\"datePublished\":\"2022-09-28T18:45:46+00:00\",\"dateModified\":\"2025-05-26T07:48:33+00:00\",\"breadcrumb\":{\"@id\":\"https:\\\/\\\/www.region-a3.com\\\/en\\\/galerie\\\/ehrenamtliches-engagement-im-buergernetz-friedberg\\\/#breadcrumb\"},\"inLanguage\":\"en-US\",\"potentialAction\":[{\"@type\":\"ReadAction\",\"target\":[\"https:\\\/\\\/www.region-a3.com\\\/en\\\/galerie\\\/ehrenamtliches-engagement-im-buergernetz-friedberg\\\/\"]}]},{\"@type\":\"BreadcrumbList\",\"@id\":\"https:\\\/\\\/www.region-a3.com\\\/en\\\/galerie\\\/ehrenamtliches-engagement-im-buergernetz-friedberg\\\/#breadcrumb\",\"itemListElement\":[{\"@type\":\"ListItem\",\"position\":1,\"name\":\"Mediengallerien\",\"item\":\"https:\\\/\\\/www.region-a3.com\\\/en\\\/galerie\\\/\"},{\"@type\":\"ListItem\",\"position\":2,\"name\":\"Ehrenamtliches Engagement im B\u00fcrgernetz Friedberg\"}]},{\"@type\":\"WebSite\",\"@id\":\"https:\\\/\\\/www.region-a3.com\\\/en\\\/#website\",\"url\":\"https:\\\/\\\/www.region-a3.com\\\/en\\\/\",\"name\":\"A\u00b3\",\"description\":\"Website der Regio Augsburg Wirtschaft GmbH\",\"publisher\":{\"@id\":\"https:\\\/\\\/www.region-a3.com\\\/en\\\/#organization\"},\"potentialAction\":[{\"@type\":\"SearchAction\",\"target\":{\"@type\":\"EntryPoint\",\"urlTemplate\":\"https:\\\/\\\/www.region-a3.com\\\/en\\\/?s={search_term_string}\"},\"query-input\":{\"@type\":\"PropertyValueSpecification\",\"valueRequired\":true,\"valueName\":\"search_term_string\"}}],\"inLanguage\":\"en-US\"},{\"@type\":\"Organization\",\"@id\":\"https:\\\/\\\/www.region-a3.com\\\/en\\\/#organization\",\"name\":\"Regio Augsburg Wirtschaft GmbH\",\"url\":\"https:\\\/\\\/www.region-a3.com\\\/en\\\/\",\"logo\":{\"@type\":\"ImageObject\",\"inLanguage\":\"en-US\",\"@id\":\"https:\\\/\\\/www.region-a3.com\\\/en\\\/#\\\/schema\\\/logo\\\/image\\\/\",\"url\":\"https:\\\/\\\/www.region-a3.com\\\/wp-content\\\/uploads\\\/2020\\\/11\\\/A3-Regio_Augsburg_Wirtschaft-Logo-rgb.jpg\",\"contentUrl\":\"https:\\\/\\\/www.region-a3.com\\\/wp-content\\\/uploads\\\/2020\\\/11\\\/A3-Regio_Augsburg_Wirtschaft-Logo-rgb.jpg\",\"width\":692,\"height\":265,\"caption\":\"Regio Augsburg Wirtschaft GmbH\"},\"image\":{\"@id\":\"https:\\\/\\\/www.region-a3.com\\\/en\\\/#\\\/schema\\\/logo\\\/image\\\/\"},\"sameAs\":[\"https:\\\/\\\/www.facebook.com\\\/pages\\\/Regio-Augsburg-Wirtschaft-GmbH\\\/517310831654971\",\"https:\\\/\\\/x.com\\\/ahoch3_augsburg\",\"https:\\\/\\\/www.linkedin.com\\\/company\\\/regio-augsburg-wirtschaft-gmbh\",\"https:\\\/\\\/www.youtube.com\\\/user\\\/RegionA3\"]}]}<\/script>\n<!-- \/ Yoast SEO plugin. -->","yoast_head_json":{"title":"Ehrenamtliches Engagement im B\u00fcrgernetz Friedberg &#187; A\u00b3","robots":{"index":"index","follow":"follow","max-snippet":"max-snippet:-1","max-image-preview":"max-image-preview:large","max-video-preview":"max-video-preview:-1"},"canonical":"https:\/\/www.region-a3.com\/en\/galerie\/ehrenamtliches-engagement-im-buergernetz-friedberg\/","og_locale":"en_US","og_type":"article","og_title":"Ehrenamtliches Engagement im B\u00fcrgernetz Friedberg &#187; A\u00b3","og_description":"Wir sind vielf\u00e4ltig, liebenswert, dynamisch, werteorientiert, nah beinander &#8230; Wir sind die Region Augsburg! Wir pr\u00e4sentieren Ihnen die unterschiedlichen Merkmale und Facetten der Region Augsburg in kurzen Clippings. Im B\u00fcrgernetz Friedberg engagieren sich Ehrenamtliche f\u00fcr das soziale Miteinander. Beim gemeinsamen Mittagstisch, im Caf\u00e9, bei den Gesangsgruppen und Ausflugsfahrten kommen Menschen zusammen. Der Tr\u00e4ger ist der [&hellip;]","og_url":"https:\/\/www.region-a3.com\/en\/galerie\/ehrenamtliches-engagement-im-buergernetz-friedberg\/","og_site_name":"A\u00b3","article_publisher":"https:\/\/www.facebook.com\/pages\/Regio-Augsburg-Wirtschaft-GmbH\/517310831654971","article_modified_time":"2025-05-26T07:48:33+00:00","og_image":[{"width":192,"height":192,"url":"https:\/\/www.region-a3.com\/wp-content\/uploads\/2021\/02\/A3-favicon_192x192px.png","type":"image\/png"}],"twitter_card":"summary_large_image","twitter_site":"@ahoch3_augsburg","twitter_misc":{"Est. reading time":"1 minute"},"schema":{"@context":"https:\/\/schema.org","@graph":[{"@type":"WebPage","@id":"https:\/\/www.region-a3.com\/en\/galerie\/ehrenamtliches-engagement-im-buergernetz-friedberg\/","url":"https:\/\/www.region-a3.com\/en\/galerie\/ehrenamtliches-engagement-im-buergernetz-friedberg\/","name":"Ehrenamtliches Engagement im B\u00fcrgernetz Friedberg &#187; A\u00b3","isPartOf":{"@id":"https:\/\/www.region-a3.com\/en\/#website"},"datePublished":"2022-09-28T18:45:46+00:00","dateModified":"2025-05-26T07:48:33+00:00","breadcrumb":{"@id":"https:\/\/www.region-a3.com\/en\/galerie\/ehrenamtliches-engagement-im-buergernetz-friedberg\/#breadcrumb"},"inLanguage":"en-US","potentialAction":[{"@type":"ReadAction","target":["https:\/\/www.region-a3.com\/en\/galerie\/ehrenamtliches-engagement-im-buergernetz-friedberg\/"]}]},{"@type":"BreadcrumbList","@id":"https:\/\/www.region-a3.com\/en\/galerie\/ehrenamtliches-engagement-im-buergernetz-friedberg\/#breadcrumb","itemListElement":[{"@type":"ListItem","position":1,"name":"Mediengallerien","item":"https:\/\/www.region-a3.com\/en\/galerie\/"},{"@type":"ListItem","position":2,"name":"Ehrenamtliches Engagement im B\u00fcrgernetz Friedberg"}]},{"@type":"WebSite","@id":"https:\/\/www.region-a3.com\/en\/#website","url":"https:\/\/www.region-a3.com\/en\/","name":"A\u00b3","description":"Website der Regio Augsburg Wirtschaft GmbH","publisher":{"@id":"https:\/\/www.region-a3.com\/en\/#organization"},"potentialAction":[{"@type":"SearchAction","target":{"@type":"EntryPoint","urlTemplate":"https:\/\/www.region-a3.com\/en\/?s={search_term_string}"},"query-input":{"@type":"PropertyValueSpecification","valueRequired":true,"valueName":"search_term_string"}}],"inLanguage":"en-US"},{"@type":"Organization","@id":"https:\/\/www.region-a3.com\/en\/#organization","name":"Regio Augsburg Wirtschaft GmbH","url":"https:\/\/www.region-a3.com\/en\/","logo":{"@type":"ImageObject","inLanguage":"en-US","@id":"https:\/\/www.region-a3.com\/en\/#\/schema\/logo\/image\/","url":"https:\/\/www.region-a3.com\/wp-content\/uploads\/2020\/11\/A3-Regio_Augsburg_Wirtschaft-Logo-rgb.jpg","contentUrl":"https:\/\/www.region-a3.com\/wp-content\/uploads\/2020\/11\/A3-Regio_Augsburg_Wirtschaft-Logo-rgb.jpg","width":692,"height":265,"caption":"Regio Augsburg Wirtschaft GmbH"},"image":{"@id":"https:\/\/www.region-a3.com\/en\/#\/schema\/logo\/image\/"},"sameAs":["https:\/\/www.facebook.com\/pages\/Regio-Augsburg-Wirtschaft-GmbH\/517310831654971","https:\/\/x.com\/ahoch3_augsburg","https:\/\/www.linkedin.com\/company\/regio-augsburg-wirtschaft-gmbh","https:\/\/www.youtube.com\/user\/RegionA3"]}]}},"publishpress_future_workflow_manual_trigger":{"enabledWorkflows":[]},"_links":{"self":[{"href":"https:\/\/www.region-a3.com\/en\/wp-json\/wp\/v2\/mediagallery\/102081","targetHints":{"allow":["GET"]}}],"collection":[{"href":"https:\/\/www.region-a3.com\/en\/wp-json\/wp\/v2\/mediagallery"}],"about":[{"href":"https:\/\/www.region-a3.com\/en\/wp-json\/wp\/v2\/types\/mediagallery"}],"wp:attachment":[{"href":"https:\/\/www.region-a3.com\/en\/wp-json\/wp\/v2\/media?parent=102081"}],"wp:term":[{"taxonomy":"gallery_name","embeddable":true,"href":"https:\/\/www.region-a3.com\/en\/wp-json\/wp\/v2\/gallery_name?post=102081"},{"taxonomy":"mediagallerien_category","embeddable":true,"href":"https:\/\/www.region-a3.com\/en\/wp-json\/wp\/v2\/mediagallerien_category?post=102081"},{"taxonomy":"mediengallerie_tag","embeddable":true,"href":"https:\/\/www.region-a3.com\/en\/wp-json\/wp\/v2\/mediengallerie_tag?post=102081"},{"taxonomy":"mediagallery_cat","embeddable":true,"href":"https:\/\/www.region-a3.com\/en\/wp-json\/wp\/v2\/mediagallery_cat?post=102081"}],"curies":[{"name":"wp","href":"https:\/\/api.w.org\/{rel}","templated":true}]}}

Ehrenamtliches Engagement im Bürgernetz Friedberg

<p class="p1">Wir sind vielfältig, liebenswert, dynamisch, werteorientiert, nah beinander &#8230; Wir sind die Region Augsburg! Wir präsentieren Ihnen die unterschiedlichen Merkmale und Facetten der Region Augsburg in kurzen Clippings.</p>
<p class="p1">Im Bürgernetz Friedberg engagieren sich Ehrenamtliche für das soziale Miteinander. Beim gemeinsamen Mittagstisch, im Café, bei den Gesangsgruppen und Ausflugsfahrten kommen Menschen zusammen. Der Träger ist der Caritasverband für den Landkreis Aichach-Friedberg e. V. Wir haben zwei Menschen besucht, die sich hier einbringen. Danke an Sanjay Bhatti und an Annette Klein fürs Mitmachen! #wirsindA3</p>
<p class="p1">Dieser Videoclip ist bezuschusst mit Fördermitteln des Bayerischen Staatsministeriums der Finanzen und für Heimat im Rahmen des Projekts Regionale Identität.</p>
<p class="p1">Video: @ZEHNTAUSENDGRAD Videowerbung</p>
<p><a class="btn btn-outline-primary mt-3" title="button" href="https://www.region-a3.com/fact/buergerschaftliches-engagement/" target="_blank" rel="noopener">Mehr Infos zum Video</a></p>

<p>Wir sind vielfältig, liebenswert, dynamisch, werteorientiert, nah beinander &#8230; Wir sind die Region Augsburg! Wir präsentieren Ihnen die unterschiedlichen Merkmale und Facetten der Region Augsburg in kurzen Clippings. Im Bürgernetz Friedberg engagieren sich Ehrenamtliche für das soziale Miteinander. Beim gemeinsamen Mittagstisch, im Café, bei den Gesangsgruppen und Ausflugsfahrten kommen Menschen zusammen. Der Träger ist der [&hellip;]</p>

<!-- This site is optimized with the Yoast SEO plugin v27.5 - https://yoast.com/product/yoast-seo-wordpress/ -->
<title>Ehrenamtliches Engagement im Bürgernetz Friedberg &#187; A³</title>
<meta name="robots" content="index, follow, max-snippet:-1, max-image-preview:large, max-video-preview:-1" />
<link rel="canonical" href="https://www.region-a3.com/en/galerie/ehrenamtliches-engagement-im-buergernetz-friedberg/" />
<meta property="og:locale" content="en_US" />
<meta property="og:type" content="article" />
<meta property="og:title" content="Ehrenamtliches Engagement im Bürgernetz Friedberg &#187; A³" />
<meta property="og:description" content="Wir sind vielfältig, liebenswert, dynamisch, werteorientiert, nah beinander &#8230; Wir sind die Region Augsburg! Wir präsentieren Ihnen die unterschiedlichen Merkmale und Facetten der Region Augsburg in kurzen Clippings. Im Bürgernetz Friedberg engagieren sich Ehrenamtliche für das soziale Miteinander. Beim gemeinsamen Mittagstisch, im Café, bei den Gesangsgruppen und Ausflugsfahrten kommen Menschen zusammen. Der Träger ist der [&hellip;]" />
<meta property="og:url" content="https://www.region-a3.com/en/galerie/ehrenamtliches-engagement-im-buergernetz-friedberg/" />
<meta property="og:site_name" content="A³" />
<meta property="article:publisher" content="https://www.facebook.com/pages/Regio-Augsburg-Wirtschaft-GmbH/517310831654971" />
<meta property="article:modified_time" content="2025-05-26T07:48:33+00:00" />
<meta property="og:image" content="https://www.region-a3.com/wp-content/uploads/2021/02/A3-favicon_192x192px.png" />
	<meta property="og:image:width" content="192" />
	<meta property="og:image:height" content="192" />
	<meta property="og:image:type" content="image/png" />
<meta name="twitter:card" content="summary_large_image" />
<meta name="twitter:site" content="@ahoch3_augsburg" />
<meta name="twitter:label1" content="Est. reading time" />
	<meta name="twitter:data1" content="1 minute" />
<script type="application/ld+json" class="yoast-schema-graph">{"@context":"https:\/\/schema.org","@graph":[{"@type":"WebPage","@id":"https:\/\/www.region-a3.com\/en\/galerie\/ehrenamtliches-engagement-im-buergernetz-friedberg\/","url":"https:\/\/www.region-a3.com\/en\/galerie\/ehrenamtliches-engagement-im-buergernetz-friedberg\/","name":"Ehrenamtliches Engagement im Bürgernetz Friedberg &#187; A³","isPartOf":{"@id":"https:\/\/www.region-a3.com\/en\/#website"},"datePublished":"2022-09-28T18:45:46+00:00","dateModified":"2025-05-26T07:48:33+00:00","breadcrumb":{"@id":"https:\/\/www.region-a3.com\/en\/galerie\/ehrenamtliches-engagement-im-buergernetz-friedberg\/#breadcrumb"},"inLanguage":"en-US","potentialAction":[{"@type":"ReadAction","target":["https:\/\/www.region-a3.com\/en\/galerie\/ehrenamtliches-engagement-im-buergernetz-friedberg\/"]}]},{"@type":"BreadcrumbList","@id":"https:\/\/www.region-a3.com\/en\/galerie\/ehrenamtliches-engagement-im-buergernetz-friedberg\/#breadcrumb","itemListElement":[{"@type":"ListItem","position":1,"name":"Mediengallerien","item":"https:\/\/www.region-a3.com\/en\/galerie\/"},{"@type":"ListItem","position":2,"name":"Ehrenamtliches Engagement im Bürgernetz Friedberg"}]},{"@type":"WebSite","@id":"https:\/\/www.region-a3.com\/en\/#website","url":"https:\/\/www.region-a3.com\/en\/","name":"A³","description":"Website der Regio Augsburg Wirtschaft GmbH","publisher":{"@id":"https:\/\/www.region-a3.com\/en\/#organization"},"potentialAction":[{"@type":"SearchAction","target":{"@type":"EntryPoint","urlTemplate":"https:\/\/www.region-a3.com\/en\/?s={search_term_string}"},"query-input":{"@type":"PropertyValueSpecification","valueRequired":true,"valueName":"search_term_string"}}],"inLanguage":"en-US"},{"@type":"Organization","@id":"https:\/\/www.region-a3.com\/en\/#organization","name":"Regio Augsburg Wirtschaft GmbH","url":"https:\/\/www.region-a3.com\/en\/","logo":{"@type":"ImageObject","inLanguage":"en-US","@id":"https:\/\/www.region-a3.com\/en\/#\/schema\/logo\/image\/","url":"https:\/\/www.region-a3.com\/wp-content\/uploads\/2020\/11\/A3-Regio_Augsburg_Wirtschaft-Logo-rgb.jpg","contentUrl":"https:\/\/www.region-a3.com\/wp-content\/uploads\/2020\/11\/A3-Regio_Augsburg_Wirtschaft-Logo-rgb.jpg","width":692,"height":265,"caption":"Regio Augsburg Wirtschaft GmbH"},"image":{"@id":"https:\/\/www.region-a3.com\/en\/#\/schema\/logo\/image\/"},"sameAs":["https:\/\/www.facebook.com\/pages\/Regio-Augsburg-Wirtschaft-GmbH\/517310831654971","https:\/\/x.com\/ahoch3_augsburg","https:\/\/www.linkedin.com\/company\/regio-augsburg-wirtschaft-gmbh","https:\/\/www.youtube.com\/user\/RegionA3"]}]}</script>
<!-- / Yoast SEO plugin. -->

Ehrenamtliches Engagement im Bürgernetz Friedberg &#187; A³

Wir sind vielfältig, liebenswert, dynamisch, werteorientiert, nah beinander &#8230; Wir sind die Region Augsburg! Wir präsentieren Ihnen die unterschiedlichen Merkmale und Facetten der Region Augsburg in kurzen Clippings. Im Bürgernetz Friedberg engagieren sich Ehrenamtliche für das soziale Miteinander. Beim gemeinsamen Mittagstisch, im Café, bei den Gesangsgruppen und Ausflugsfahrten kommen Menschen zusammen. Der Träger ist der [&hellip;]
