{"id":102104,"date":"2022-09-28T21:35:44","date_gmt":"2022-09-28T19:35:44","guid":{"rendered":"https:\/\/www.region-a3.com\/?post_type=mediagallery&#038;p=102104"},"modified":"2023-02-06T11:03:50","modified_gmt":"2023-02-06T10:03:50","slug":"zuhause-mit-zukunft","status":"publish","type":"mediagallery","link":"https:\/\/www.region-a3.com\/en\/galerie\/zuhause-mit-zukunft\/","title":{"rendered":"Zuhause Mit Zukunft"},"content":{"rendered":"<p class=\"p1\">Der Imagefilm \u201eAugsburg \u2013 Zuhause mit Zukunft\u201c ist ein klassischer, humorvoller Imagefilm, der sich mit Nachhaltigkeit und Zukunftsf\u00e4higkeit befasst. Die gew\u00e4hlten Themen haben eine hohe Relevanz und betreffen jeden, weswegen der Film eine breit gef\u00e4cherte Zielgruppe anspricht.<\/p>\n<p class=\"p1\">Entstanden ist der Film im Rahmen des Kurses \u201eAux_Heimatfilm?\u201c der Hochschule Augsburg im Auftrag der Regio Augsburg Wirtschaft GmbH.<\/p>\n<p class=\"p1\">&#8212;&#8212;&#8212;&#8212;&#8212;&#8212;&#8212;&#8212;&#8212;&#8212;&#8212;&#8212;&#8212;&#8212;&#8212;&#8212;&#8212;&#8212;&#8212;&#8212;&#8212;&#8212;&#8212;<\/p>\n<p class=\"p1\">Diana Stirbu und Stefanie Schlichting Interaktive Medien, Hochschule Augsburg Musik Film und Abspann: bensound.com<\/p>\n","protected":false},"excerpt":{"rendered":"<p>Der Imagefilm \u201eAugsburg \u2013 Zuhause mit Zukunft\u201c ist ein klassischer, humorvoller Imagefilm, der sich mit Nachhaltigkeit und Zukunftsf\u00e4higkeit befasst. Die gew\u00e4hlten Themen haben eine hohe Relevanz und betreffen jeden, weswegen der Film eine breit gef\u00e4cherte Zielgruppe anspricht. Entstanden ist der Film im Rahmen des Kurses \u201eAux_Heimatfilm?\u201c der Hochschule Augsburg im Auftrag der Regio Augsburg Wirtschaft [&hellip;]<\/p>\n","protected":false},"featured_media":0,"template":"","meta":{"_acf_changed":false},"gallery_name":[253,261],"mediagallerien_category":[271,268,276,280],"mediengallerie_tag":[273,281,277],"mediagallery_cat":[256],"class_list":["post-102104","mediagallery","type-mediagallery","status-publish","hentry","gallery_name-haupt_galerie","gallery_name-regionale-identitaet","mediagallerien_category-nachhaltigkeit","mediagallerien_category-stadt-und-land","mediagallerien_category-vielfalt","mediagallerien_category-zukunftsfaehigkeit","mediengallerie_tag-hochschule-augsburg","mediengallerie_tag-humor","mediengallerie_tag-nah-beieinander","mediagallery_cat-video"],"acf":[],"yoast_head":"<!-- This site is optimized with the Yoast SEO plugin v27.5 - https:\/\/yoast.com\/product\/yoast-seo-wordpress\/ -->\n<title>Zuhause Mit Zukunft &#187; A\u00b3<\/title>\n<meta name=\"robots\" content=\"index, follow, max-snippet:-1, max-image-preview:large, max-video-preview:-1\" \/>\n<link rel=\"canonical\" href=\"https:\/\/www.region-a3.com\/en\/galerie\/zuhause-mit-zukunft\/\" \/>\n<meta property=\"og:locale\" content=\"en_US\" \/>\n<meta property=\"og:type\" content=\"article\" \/>\n<meta property=\"og:title\" content=\"Zuhause Mit Zukunft &#187; A\u00b3\" \/>\n<meta property=\"og:description\" content=\"Der Imagefilm \u201eAugsburg \u2013 Zuhause mit Zukunft\u201c ist ein klassischer, humorvoller Imagefilm, der sich mit Nachhaltigkeit und Zukunftsf\u00e4higkeit befasst. Die gew\u00e4hlten Themen haben eine hohe Relevanz und betreffen jeden, weswegen der Film eine breit gef\u00e4cherte Zielgruppe anspricht. Entstanden ist der Film im Rahmen des Kurses \u201eAux_Heimatfilm?\u201c der Hochschule Augsburg im Auftrag der Regio Augsburg Wirtschaft [&hellip;]\" \/>\n<meta property=\"og:url\" content=\"https:\/\/www.region-a3.com\/en\/galerie\/zuhause-mit-zukunft\/\" \/>\n<meta property=\"og:site_name\" content=\"A\u00b3\" \/>\n<meta property=\"article:publisher\" content=\"https:\/\/www.facebook.com\/pages\/Regio-Augsburg-Wirtschaft-GmbH\/517310831654971\" \/>\n<meta property=\"article:modified_time\" content=\"2023-02-06T10:03:50+00:00\" \/>\n<meta property=\"og:image\" content=\"https:\/\/www.region-a3.com\/wp-content\/uploads\/2021\/02\/A3-favicon_192x192px.png\" \/>\n\t<meta property=\"og:image:width\" content=\"192\" \/>\n\t<meta property=\"og:image:height\" content=\"192\" \/>\n\t<meta property=\"og:image:type\" content=\"image\/png\" \/>\n<meta name=\"twitter:card\" content=\"summary_large_image\" \/>\n<meta name=\"twitter:site\" content=\"@ahoch3_augsburg\" \/>\n<meta name=\"twitter:label1\" content=\"Est. reading time\" \/>\n\t<meta name=\"twitter:data1\" content=\"1 minute\" \/>\n<script type=\"application\/ld+json\" class=\"yoast-schema-graph\">{\"@context\":\"https:\\\/\\\/schema.org\",\"@graph\":[{\"@type\":\"WebPage\",\"@id\":\"https:\\\/\\\/www.region-a3.com\\\/en\\\/galerie\\\/zuhause-mit-zukunft\\\/\",\"url\":\"https:\\\/\\\/www.region-a3.com\\\/en\\\/galerie\\\/zuhause-mit-zukunft\\\/\",\"name\":\"Zuhause Mit Zukunft &#187; A\u00b3\",\"isPartOf\":{\"@id\":\"https:\\\/\\\/www.region-a3.com\\\/en\\\/#website\"},\"datePublished\":\"2022-09-28T19:35:44+00:00\",\"dateModified\":\"2023-02-06T10:03:50+00:00\",\"breadcrumb\":{\"@id\":\"https:\\\/\\\/www.region-a3.com\\\/en\\\/galerie\\\/zuhause-mit-zukunft\\\/#breadcrumb\"},\"inLanguage\":\"en-US\",\"potentialAction\":[{\"@type\":\"ReadAction\",\"target\":[\"https:\\\/\\\/www.region-a3.com\\\/en\\\/galerie\\\/zuhause-mit-zukunft\\\/\"]}]},{\"@type\":\"BreadcrumbList\",\"@id\":\"https:\\\/\\\/www.region-a3.com\\\/en\\\/galerie\\\/zuhause-mit-zukunft\\\/#breadcrumb\",\"itemListElement\":[{\"@type\":\"ListItem\",\"position\":1,\"name\":\"Mediengallerien\",\"item\":\"https:\\\/\\\/www.region-a3.com\\\/en\\\/galerie\\\/\"},{\"@type\":\"ListItem\",\"position\":2,\"name\":\"Zuhause Mit Zukunft\"}]},{\"@type\":\"WebSite\",\"@id\":\"https:\\\/\\\/www.region-a3.com\\\/en\\\/#website\",\"url\":\"https:\\\/\\\/www.region-a3.com\\\/en\\\/\",\"name\":\"A\u00b3\",\"description\":\"Website der Regio Augsburg Wirtschaft GmbH\",\"publisher\":{\"@id\":\"https:\\\/\\\/www.region-a3.com\\\/en\\\/#organization\"},\"potentialAction\":[{\"@type\":\"SearchAction\",\"target\":{\"@type\":\"EntryPoint\",\"urlTemplate\":\"https:\\\/\\\/www.region-a3.com\\\/en\\\/?s={search_term_string}\"},\"query-input\":{\"@type\":\"PropertyValueSpecification\",\"valueRequired\":true,\"valueName\":\"search_term_string\"}}],\"inLanguage\":\"en-US\"},{\"@type\":\"Organization\",\"@id\":\"https:\\\/\\\/www.region-a3.com\\\/en\\\/#organization\",\"name\":\"Regio Augsburg Wirtschaft GmbH\",\"url\":\"https:\\\/\\\/www.region-a3.com\\\/en\\\/\",\"logo\":{\"@type\":\"ImageObject\",\"inLanguage\":\"en-US\",\"@id\":\"https:\\\/\\\/www.region-a3.com\\\/en\\\/#\\\/schema\\\/logo\\\/image\\\/\",\"url\":\"https:\\\/\\\/www.region-a3.com\\\/wp-content\\\/uploads\\\/2020\\\/11\\\/A3-Regio_Augsburg_Wirtschaft-Logo-rgb.jpg\",\"contentUrl\":\"https:\\\/\\\/www.region-a3.com\\\/wp-content\\\/uploads\\\/2020\\\/11\\\/A3-Regio_Augsburg_Wirtschaft-Logo-rgb.jpg\",\"width\":692,\"height\":265,\"caption\":\"Regio Augsburg Wirtschaft GmbH\"},\"image\":{\"@id\":\"https:\\\/\\\/www.region-a3.com\\\/en\\\/#\\\/schema\\\/logo\\\/image\\\/\"},\"sameAs\":[\"https:\\\/\\\/www.facebook.com\\\/pages\\\/Regio-Augsburg-Wirtschaft-GmbH\\\/517310831654971\",\"https:\\\/\\\/x.com\\\/ahoch3_augsburg\",\"https:\\\/\\\/www.linkedin.com\\\/company\\\/regio-augsburg-wirtschaft-gmbh\",\"https:\\\/\\\/www.youtube.com\\\/user\\\/RegionA3\"]}]}<\/script>\n<!-- \/ Yoast SEO plugin. -->","yoast_head_json":{"title":"Zuhause Mit Zukunft &#187; A\u00b3","robots":{"index":"index","follow":"follow","max-snippet":"max-snippet:-1","max-image-preview":"max-image-preview:large","max-video-preview":"max-video-preview:-1"},"canonical":"https:\/\/www.region-a3.com\/en\/galerie\/zuhause-mit-zukunft\/","og_locale":"en_US","og_type":"article","og_title":"Zuhause Mit Zukunft &#187; A\u00b3","og_description":"Der Imagefilm \u201eAugsburg \u2013 Zuhause mit Zukunft\u201c ist ein klassischer, humorvoller Imagefilm, der sich mit Nachhaltigkeit und Zukunftsf\u00e4higkeit befasst. Die gew\u00e4hlten Themen haben eine hohe Relevanz und betreffen jeden, weswegen der Film eine breit gef\u00e4cherte Zielgruppe anspricht. Entstanden ist der Film im Rahmen des Kurses \u201eAux_Heimatfilm?\u201c der Hochschule Augsburg im Auftrag der Regio Augsburg Wirtschaft [&hellip;]","og_url":"https:\/\/www.region-a3.com\/en\/galerie\/zuhause-mit-zukunft\/","og_site_name":"A\u00b3","article_publisher":"https:\/\/www.facebook.com\/pages\/Regio-Augsburg-Wirtschaft-GmbH\/517310831654971","article_modified_time":"2023-02-06T10:03:50+00:00","og_image":[{"width":192,"height":192,"url":"https:\/\/www.region-a3.com\/wp-content\/uploads\/2021\/02\/A3-favicon_192x192px.png","type":"image\/png"}],"twitter_card":"summary_large_image","twitter_site":"@ahoch3_augsburg","twitter_misc":{"Est. reading time":"1 minute"},"schema":{"@context":"https:\/\/schema.org","@graph":[{"@type":"WebPage","@id":"https:\/\/www.region-a3.com\/en\/galerie\/zuhause-mit-zukunft\/","url":"https:\/\/www.region-a3.com\/en\/galerie\/zuhause-mit-zukunft\/","name":"Zuhause Mit Zukunft &#187; A\u00b3","isPartOf":{"@id":"https:\/\/www.region-a3.com\/en\/#website"},"datePublished":"2022-09-28T19:35:44+00:00","dateModified":"2023-02-06T10:03:50+00:00","breadcrumb":{"@id":"https:\/\/www.region-a3.com\/en\/galerie\/zuhause-mit-zukunft\/#breadcrumb"},"inLanguage":"en-US","potentialAction":[{"@type":"ReadAction","target":["https:\/\/www.region-a3.com\/en\/galerie\/zuhause-mit-zukunft\/"]}]},{"@type":"BreadcrumbList","@id":"https:\/\/www.region-a3.com\/en\/galerie\/zuhause-mit-zukunft\/#breadcrumb","itemListElement":[{"@type":"ListItem","position":1,"name":"Mediengallerien","item":"https:\/\/www.region-a3.com\/en\/galerie\/"},{"@type":"ListItem","position":2,"name":"Zuhause Mit Zukunft"}]},{"@type":"WebSite","@id":"https:\/\/www.region-a3.com\/en\/#website","url":"https:\/\/www.region-a3.com\/en\/","name":"A\u00b3","description":"Website der Regio Augsburg Wirtschaft GmbH","publisher":{"@id":"https:\/\/www.region-a3.com\/en\/#organization"},"potentialAction":[{"@type":"SearchAction","target":{"@type":"EntryPoint","urlTemplate":"https:\/\/www.region-a3.com\/en\/?s={search_term_string}"},"query-input":{"@type":"PropertyValueSpecification","valueRequired":true,"valueName":"search_term_string"}}],"inLanguage":"en-US"},{"@type":"Organization","@id":"https:\/\/www.region-a3.com\/en\/#organization","name":"Regio Augsburg Wirtschaft GmbH","url":"https:\/\/www.region-a3.com\/en\/","logo":{"@type":"ImageObject","inLanguage":"en-US","@id":"https:\/\/www.region-a3.com\/en\/#\/schema\/logo\/image\/","url":"https:\/\/www.region-a3.com\/wp-content\/uploads\/2020\/11\/A3-Regio_Augsburg_Wirtschaft-Logo-rgb.jpg","contentUrl":"https:\/\/www.region-a3.com\/wp-content\/uploads\/2020\/11\/A3-Regio_Augsburg_Wirtschaft-Logo-rgb.jpg","width":692,"height":265,"caption":"Regio Augsburg Wirtschaft GmbH"},"image":{"@id":"https:\/\/www.region-a3.com\/en\/#\/schema\/logo\/image\/"},"sameAs":["https:\/\/www.facebook.com\/pages\/Regio-Augsburg-Wirtschaft-GmbH\/517310831654971","https:\/\/x.com\/ahoch3_augsburg","https:\/\/www.linkedin.com\/company\/regio-augsburg-wirtschaft-gmbh","https:\/\/www.youtube.com\/user\/RegionA3"]}]}},"publishpress_future_workflow_manual_trigger":{"enabledWorkflows":[]},"_links":{"self":[{"href":"https:\/\/www.region-a3.com\/en\/wp-json\/wp\/v2\/mediagallery\/102104","targetHints":{"allow":["GET"]}}],"collection":[{"href":"https:\/\/www.region-a3.com\/en\/wp-json\/wp\/v2\/mediagallery"}],"about":[{"href":"https:\/\/www.region-a3.com\/en\/wp-json\/wp\/v2\/types\/mediagallery"}],"wp:attachment":[{"href":"https:\/\/www.region-a3.com\/en\/wp-json\/wp\/v2\/media?parent=102104"}],"wp:term":[{"taxonomy":"gallery_name","embeddable":true,"href":"https:\/\/www.region-a3.com\/en\/wp-json\/wp\/v2\/gallery_name?post=102104"},{"taxonomy":"mediagallerien_category","embeddable":true,"href":"https:\/\/www.region-a3.com\/en\/wp-json\/wp\/v2\/mediagallerien_category?post=102104"},{"taxonomy":"mediengallerie_tag","embeddable":true,"href":"https:\/\/www.region-a3.com\/en\/wp-json\/wp\/v2\/mediengallerie_tag?post=102104"},{"taxonomy":"mediagallery_cat","embeddable":true,"href":"https:\/\/www.region-a3.com\/en\/wp-json\/wp\/v2\/mediagallery_cat?post=102104"}],"curies":[{"name":"wp","href":"https:\/\/api.w.org\/{rel}","templated":true}]}}

<p class="p1">Der Imagefilm „Augsburg – Zuhause mit Zukunft“ ist ein klassischer, humorvoller Imagefilm, der sich mit Nachhaltigkeit und Zukunftsfähigkeit befasst. Die gewählten Themen haben eine hohe Relevanz und betreffen jeden, weswegen der Film eine breit gefächerte Zielgruppe anspricht.</p>
<p class="p1">Entstanden ist der Film im Rahmen des Kurses „Aux_Heimatfilm?“ der Hochschule Augsburg im Auftrag der Regio Augsburg Wirtschaft GmbH.</p>
<p class="p1">&#8212;&#8212;&#8212;&#8212;&#8212;&#8212;&#8212;&#8212;&#8212;&#8212;&#8212;&#8212;&#8212;&#8212;&#8212;&#8212;&#8212;&#8212;&#8212;&#8212;&#8212;&#8212;&#8212;</p>
<p class="p1">Diana Stirbu und Stefanie Schlichting Interaktive Medien, Hochschule Augsburg Musik Film und Abspann: bensound.com</p>

<p>Der Imagefilm „Augsburg – Zuhause mit Zukunft“ ist ein klassischer, humorvoller Imagefilm, der sich mit Nachhaltigkeit und Zukunftsfähigkeit befasst. Die gewählten Themen haben eine hohe Relevanz und betreffen jeden, weswegen der Film eine breit gefächerte Zielgruppe anspricht. Entstanden ist der Film im Rahmen des Kurses „Aux_Heimatfilm?“ der Hochschule Augsburg im Auftrag der Regio Augsburg Wirtschaft [&hellip;]</p>

<!-- This site is optimized with the Yoast SEO plugin v27.5 - https://yoast.com/product/yoast-seo-wordpress/ -->
<title>Zuhause Mit Zukunft &#187; A³</title>
<meta name="robots" content="index, follow, max-snippet:-1, max-image-preview:large, max-video-preview:-1" />
<link rel="canonical" href="https://www.region-a3.com/en/galerie/zuhause-mit-zukunft/" />
<meta property="og:locale" content="en_US" />
<meta property="og:type" content="article" />
<meta property="og:title" content="Zuhause Mit Zukunft &#187; A³" />
<meta property="og:description" content="Der Imagefilm „Augsburg – Zuhause mit Zukunft“ ist ein klassischer, humorvoller Imagefilm, der sich mit Nachhaltigkeit und Zukunftsfähigkeit befasst. Die gewählten Themen haben eine hohe Relevanz und betreffen jeden, weswegen der Film eine breit gefächerte Zielgruppe anspricht. Entstanden ist der Film im Rahmen des Kurses „Aux_Heimatfilm?“ der Hochschule Augsburg im Auftrag der Regio Augsburg Wirtschaft [&hellip;]" />
<meta property="og:url" content="https://www.region-a3.com/en/galerie/zuhause-mit-zukunft/" />
<meta property="og:site_name" content="A³" />
<meta property="article:publisher" content="https://www.facebook.com/pages/Regio-Augsburg-Wirtschaft-GmbH/517310831654971" />
<meta property="article:modified_time" content="2023-02-06T10:03:50+00:00" />
<meta property="og:image" content="https://www.region-a3.com/wp-content/uploads/2021/02/A3-favicon_192x192px.png" />
	<meta property="og:image:width" content="192" />
	<meta property="og:image:height" content="192" />
	<meta property="og:image:type" content="image/png" />
<meta name="twitter:card" content="summary_large_image" />
<meta name="twitter:site" content="@ahoch3_augsburg" />
<meta name="twitter:label1" content="Est. reading time" />
	<meta name="twitter:data1" content="1 minute" />
<script type="application/ld+json" class="yoast-schema-graph">{"@context":"https:\/\/schema.org","@graph":[{"@type":"WebPage","@id":"https:\/\/www.region-a3.com\/en\/galerie\/zuhause-mit-zukunft\/","url":"https:\/\/www.region-a3.com\/en\/galerie\/zuhause-mit-zukunft\/","name":"Zuhause Mit Zukunft &#187; A³","isPartOf":{"@id":"https:\/\/www.region-a3.com\/en\/#website"},"datePublished":"2022-09-28T19:35:44+00:00","dateModified":"2023-02-06T10:03:50+00:00","breadcrumb":{"@id":"https:\/\/www.region-a3.com\/en\/galerie\/zuhause-mit-zukunft\/#breadcrumb"},"inLanguage":"en-US","potentialAction":[{"@type":"ReadAction","target":["https:\/\/www.region-a3.com\/en\/galerie\/zuhause-mit-zukunft\/"]}]},{"@type":"BreadcrumbList","@id":"https:\/\/www.region-a3.com\/en\/galerie\/zuhause-mit-zukunft\/#breadcrumb","itemListElement":[{"@type":"ListItem","position":1,"name":"Mediengallerien","item":"https:\/\/www.region-a3.com\/en\/galerie\/"},{"@type":"ListItem","position":2,"name":"Zuhause Mit Zukunft"}]},{"@type":"WebSite","@id":"https:\/\/www.region-a3.com\/en\/#website","url":"https:\/\/www.region-a3.com\/en\/","name":"A³","description":"Website der Regio Augsburg Wirtschaft GmbH","publisher":{"@id":"https:\/\/www.region-a3.com\/en\/#organization"},"potentialAction":[{"@type":"SearchAction","target":{"@type":"EntryPoint","urlTemplate":"https:\/\/www.region-a3.com\/en\/?s={search_term_string}"},"query-input":{"@type":"PropertyValueSpecification","valueRequired":true,"valueName":"search_term_string"}}],"inLanguage":"en-US"},{"@type":"Organization","@id":"https:\/\/www.region-a3.com\/en\/#organization","name":"Regio Augsburg Wirtschaft GmbH","url":"https:\/\/www.region-a3.com\/en\/","logo":{"@type":"ImageObject","inLanguage":"en-US","@id":"https:\/\/www.region-a3.com\/en\/#\/schema\/logo\/image\/","url":"https:\/\/www.region-a3.com\/wp-content\/uploads\/2020\/11\/A3-Regio_Augsburg_Wirtschaft-Logo-rgb.jpg","contentUrl":"https:\/\/www.region-a3.com\/wp-content\/uploads\/2020\/11\/A3-Regio_Augsburg_Wirtschaft-Logo-rgb.jpg","width":692,"height":265,"caption":"Regio Augsburg Wirtschaft GmbH"},"image":{"@id":"https:\/\/www.region-a3.com\/en\/#\/schema\/logo\/image\/"},"sameAs":["https:\/\/www.facebook.com\/pages\/Regio-Augsburg-Wirtschaft-GmbH\/517310831654971","https:\/\/x.com\/ahoch3_augsburg","https:\/\/www.linkedin.com\/company\/regio-augsburg-wirtschaft-gmbh","https:\/\/www.youtube.com\/user\/RegionA3"]}]}</script>
<!-- / Yoast SEO plugin. -->

Der Imagefilm „Augsburg – Zuhause mit Zukunft“ ist ein klassischer, humorvoller Imagefilm, der sich mit Nachhaltigkeit und Zukunftsfähigkeit befasst. Die gewählten Themen haben eine hohe Relevanz und betreffen jeden, weswegen der Film eine breit gefächerte Zielgruppe anspricht. Entstanden ist der Film im Rahmen des Kurses „Aux_Heimatfilm?“ der Hochschule Augsburg im Auftrag der Regio Augsburg Wirtschaft [&hellip;]
