{"id":104272,"date":"2022-10-18T09:25:31","date_gmt":"2022-10-18T07:25:31","guid":{"rendered":"https:\/\/www.region-a3.com\/?post_type=mediagallery&#038;p=104272"},"modified":"2023-02-06T10:19:25","modified_gmt":"2023-02-06T09:19:25","slug":"impressionen-von-der-wertach-klinik","status":"publish","type":"mediagallery","link":"https:\/\/www.region-a3.com\/en\/galerie\/impressionen-von-der-wertach-klinik\/","title":{"rendered":"Impressionen von der Wertach Klinik"},"content":{"rendered":"<p>Wir waren zu Besuch bei der Wertachklinik in Bobingen und haben einen Blick in verschiedene Arbeitsbereiche werfen d\u00fcrfen.<br \/>\nSo haben wir u.a. Eindr\u00fccke von der Physiotherapie, dem R\u00f6ntgenlabor, dem MRT und der Cafeteria, die wir mit Ihnen teilen m\u00f6chten. Unser Eindruck: Ob Mitarbeiter oder Patient \u2013 hier kann man sich durchaus wohlf\u00fchlen!<\/p>\n","protected":false},"excerpt":{"rendered":"<p>Wir waren zu Besuch bei der Wertachklinik in Bobingen und haben einen Blick in verschiedene Arbeitsbereiche werfen d\u00fcrfen. So haben wir u.a. Eindr\u00fccke von der Physiotherapie, dem R\u00f6ntgenlabor, dem MRT und der Cafeteria, die wir mit Ihnen teilen m\u00f6chten. Unser Eindruck: Ob Mitarbeiter oder Patient \u2013 hier kann man sich durchaus wohlf\u00fchlen!<\/p>\n","protected":false},"featured_media":0,"template":"","meta":{"_acf_changed":false},"gallery_name":[253,261],"mediagallerien_category":[300,334,304,298,280],"mediengallerie_tag":[314,315],"mediagallery_cat":[255],"class_list":["post-104272","mediagallery","type-mediagallery","status-publish","hentry","gallery_name-haupt_galerie","gallery_name-regionale-identitaet","mediagallerien_category-branchenvielfalt","mediagallerien_category-engagement","mediagallerien_category-standorttreue","mediagallerien_category-wirtschaftskraft","mediagallerien_category-zukunftsfaehigkeit","mediengallerie_tag-gesundheitswesen","mediengallerie_tag-wertach-klinik","mediagallery_cat-foto"],"acf":[],"yoast_head":"<!-- This site is optimized with the Yoast SEO plugin v27.5 - https:\/\/yoast.com\/product\/yoast-seo-wordpress\/ -->\n<title>Impressionen von der Wertach Klinik &#187; A\u00b3<\/title>\n<meta name=\"robots\" content=\"index, follow, max-snippet:-1, max-image-preview:large, max-video-preview:-1\" \/>\n<link rel=\"canonical\" href=\"https:\/\/www.region-a3.com\/en\/galerie\/impressionen-von-der-wertach-klinik\/\" \/>\n<meta property=\"og:locale\" content=\"en_US\" \/>\n<meta property=\"og:type\" content=\"article\" \/>\n<meta property=\"og:title\" content=\"Impressionen von der Wertach Klinik &#187; A\u00b3\" \/>\n<meta property=\"og:description\" content=\"Wir waren zu Besuch bei der Wertachklinik in Bobingen und haben einen Blick in verschiedene Arbeitsbereiche werfen d\u00fcrfen. So haben wir u.a. Eindr\u00fccke von der Physiotherapie, dem R\u00f6ntgenlabor, dem MRT und der Cafeteria, die wir mit Ihnen teilen m\u00f6chten. Unser Eindruck: Ob Mitarbeiter oder Patient \u2013 hier kann man sich durchaus wohlf\u00fchlen!\" \/>\n<meta property=\"og:url\" content=\"https:\/\/www.region-a3.com\/en\/galerie\/impressionen-von-der-wertach-klinik\/\" \/>\n<meta property=\"og:site_name\" content=\"A\u00b3\" \/>\n<meta property=\"article:publisher\" content=\"https:\/\/www.facebook.com\/pages\/Regio-Augsburg-Wirtschaft-GmbH\/517310831654971\" \/>\n<meta property=\"article:modified_time\" content=\"2023-02-06T09:19:25+00:00\" \/>\n<meta property=\"og:image\" content=\"https:\/\/www.region-a3.com\/wp-content\/uploads\/2021\/02\/A3-favicon_192x192px.png\" \/>\n\t<meta property=\"og:image:width\" content=\"192\" \/>\n\t<meta property=\"og:image:height\" content=\"192\" \/>\n\t<meta property=\"og:image:type\" content=\"image\/png\" \/>\n<meta name=\"twitter:card\" content=\"summary_large_image\" \/>\n<meta name=\"twitter:site\" content=\"@ahoch3_augsburg\" \/>\n<meta name=\"twitter:label1\" content=\"Est. reading time\" \/>\n\t<meta name=\"twitter:data1\" content=\"1 minute\" \/>\n<script type=\"application\/ld+json\" class=\"yoast-schema-graph\">{\"@context\":\"https:\\\/\\\/schema.org\",\"@graph\":[{\"@type\":\"WebPage\",\"@id\":\"https:\\\/\\\/www.region-a3.com\\\/en\\\/galerie\\\/impressionen-von-der-wertach-klinik\\\/\",\"url\":\"https:\\\/\\\/www.region-a3.com\\\/en\\\/galerie\\\/impressionen-von-der-wertach-klinik\\\/\",\"name\":\"Impressionen von der Wertach Klinik &#187; A\u00b3\",\"isPartOf\":{\"@id\":\"https:\\\/\\\/www.region-a3.com\\\/en\\\/#website\"},\"datePublished\":\"2022-10-18T07:25:31+00:00\",\"dateModified\":\"2023-02-06T09:19:25+00:00\",\"breadcrumb\":{\"@id\":\"https:\\\/\\\/www.region-a3.com\\\/en\\\/galerie\\\/impressionen-von-der-wertach-klinik\\\/#breadcrumb\"},\"inLanguage\":\"en-US\",\"potentialAction\":[{\"@type\":\"ReadAction\",\"target\":[\"https:\\\/\\\/www.region-a3.com\\\/en\\\/galerie\\\/impressionen-von-der-wertach-klinik\\\/\"]}]},{\"@type\":\"BreadcrumbList\",\"@id\":\"https:\\\/\\\/www.region-a3.com\\\/en\\\/galerie\\\/impressionen-von-der-wertach-klinik\\\/#breadcrumb\",\"itemListElement\":[{\"@type\":\"ListItem\",\"position\":1,\"name\":\"Mediengallerien\",\"item\":\"https:\\\/\\\/www.region-a3.com\\\/en\\\/galerie\\\/\"},{\"@type\":\"ListItem\",\"position\":2,\"name\":\"Impressionen von der Wertach Klinik\"}]},{\"@type\":\"WebSite\",\"@id\":\"https:\\\/\\\/www.region-a3.com\\\/en\\\/#website\",\"url\":\"https:\\\/\\\/www.region-a3.com\\\/en\\\/\",\"name\":\"A\u00b3\",\"description\":\"Website der Regio Augsburg Wirtschaft GmbH\",\"publisher\":{\"@id\":\"https:\\\/\\\/www.region-a3.com\\\/en\\\/#organization\"},\"potentialAction\":[{\"@type\":\"SearchAction\",\"target\":{\"@type\":\"EntryPoint\",\"urlTemplate\":\"https:\\\/\\\/www.region-a3.com\\\/en\\\/?s={search_term_string}\"},\"query-input\":{\"@type\":\"PropertyValueSpecification\",\"valueRequired\":true,\"valueName\":\"search_term_string\"}}],\"inLanguage\":\"en-US\"},{\"@type\":\"Organization\",\"@id\":\"https:\\\/\\\/www.region-a3.com\\\/en\\\/#organization\",\"name\":\"Regio Augsburg Wirtschaft GmbH\",\"url\":\"https:\\\/\\\/www.region-a3.com\\\/en\\\/\",\"logo\":{\"@type\":\"ImageObject\",\"inLanguage\":\"en-US\",\"@id\":\"https:\\\/\\\/www.region-a3.com\\\/en\\\/#\\\/schema\\\/logo\\\/image\\\/\",\"url\":\"https:\\\/\\\/www.region-a3.com\\\/wp-content\\\/uploads\\\/2020\\\/11\\\/A3-Regio_Augsburg_Wirtschaft-Logo-rgb.jpg\",\"contentUrl\":\"https:\\\/\\\/www.region-a3.com\\\/wp-content\\\/uploads\\\/2020\\\/11\\\/A3-Regio_Augsburg_Wirtschaft-Logo-rgb.jpg\",\"width\":692,\"height\":265,\"caption\":\"Regio Augsburg Wirtschaft GmbH\"},\"image\":{\"@id\":\"https:\\\/\\\/www.region-a3.com\\\/en\\\/#\\\/schema\\\/logo\\\/image\\\/\"},\"sameAs\":[\"https:\\\/\\\/www.facebook.com\\\/pages\\\/Regio-Augsburg-Wirtschaft-GmbH\\\/517310831654971\",\"https:\\\/\\\/x.com\\\/ahoch3_augsburg\",\"https:\\\/\\\/www.linkedin.com\\\/company\\\/regio-augsburg-wirtschaft-gmbh\",\"https:\\\/\\\/www.youtube.com\\\/user\\\/RegionA3\"]}]}<\/script>\n<!-- \/ Yoast SEO plugin. -->","yoast_head_json":{"title":"Impressionen von der Wertach Klinik &#187; A\u00b3","robots":{"index":"index","follow":"follow","max-snippet":"max-snippet:-1","max-image-preview":"max-image-preview:large","max-video-preview":"max-video-preview:-1"},"canonical":"https:\/\/www.region-a3.com\/en\/galerie\/impressionen-von-der-wertach-klinik\/","og_locale":"en_US","og_type":"article","og_title":"Impressionen von der Wertach Klinik &#187; A\u00b3","og_description":"Wir waren zu Besuch bei der Wertachklinik in Bobingen und haben einen Blick in verschiedene Arbeitsbereiche werfen d\u00fcrfen. So haben wir u.a. Eindr\u00fccke von der Physiotherapie, dem R\u00f6ntgenlabor, dem MRT und der Cafeteria, die wir mit Ihnen teilen m\u00f6chten. Unser Eindruck: Ob Mitarbeiter oder Patient \u2013 hier kann man sich durchaus wohlf\u00fchlen!","og_url":"https:\/\/www.region-a3.com\/en\/galerie\/impressionen-von-der-wertach-klinik\/","og_site_name":"A\u00b3","article_publisher":"https:\/\/www.facebook.com\/pages\/Regio-Augsburg-Wirtschaft-GmbH\/517310831654971","article_modified_time":"2023-02-06T09:19:25+00:00","og_image":[{"width":192,"height":192,"url":"https:\/\/www.region-a3.com\/wp-content\/uploads\/2021\/02\/A3-favicon_192x192px.png","type":"image\/png"}],"twitter_card":"summary_large_image","twitter_site":"@ahoch3_augsburg","twitter_misc":{"Est. reading time":"1 minute"},"schema":{"@context":"https:\/\/schema.org","@graph":[{"@type":"WebPage","@id":"https:\/\/www.region-a3.com\/en\/galerie\/impressionen-von-der-wertach-klinik\/","url":"https:\/\/www.region-a3.com\/en\/galerie\/impressionen-von-der-wertach-klinik\/","name":"Impressionen von der Wertach Klinik &#187; A\u00b3","isPartOf":{"@id":"https:\/\/www.region-a3.com\/en\/#website"},"datePublished":"2022-10-18T07:25:31+00:00","dateModified":"2023-02-06T09:19:25+00:00","breadcrumb":{"@id":"https:\/\/www.region-a3.com\/en\/galerie\/impressionen-von-der-wertach-klinik\/#breadcrumb"},"inLanguage":"en-US","potentialAction":[{"@type":"ReadAction","target":["https:\/\/www.region-a3.com\/en\/galerie\/impressionen-von-der-wertach-klinik\/"]}]},{"@type":"BreadcrumbList","@id":"https:\/\/www.region-a3.com\/en\/galerie\/impressionen-von-der-wertach-klinik\/#breadcrumb","itemListElement":[{"@type":"ListItem","position":1,"name":"Mediengallerien","item":"https:\/\/www.region-a3.com\/en\/galerie\/"},{"@type":"ListItem","position":2,"name":"Impressionen von der Wertach Klinik"}]},{"@type":"WebSite","@id":"https:\/\/www.region-a3.com\/en\/#website","url":"https:\/\/www.region-a3.com\/en\/","name":"A\u00b3","description":"Website der Regio Augsburg Wirtschaft GmbH","publisher":{"@id":"https:\/\/www.region-a3.com\/en\/#organization"},"potentialAction":[{"@type":"SearchAction","target":{"@type":"EntryPoint","urlTemplate":"https:\/\/www.region-a3.com\/en\/?s={search_term_string}"},"query-input":{"@type":"PropertyValueSpecification","valueRequired":true,"valueName":"search_term_string"}}],"inLanguage":"en-US"},{"@type":"Organization","@id":"https:\/\/www.region-a3.com\/en\/#organization","name":"Regio Augsburg Wirtschaft GmbH","url":"https:\/\/www.region-a3.com\/en\/","logo":{"@type":"ImageObject","inLanguage":"en-US","@id":"https:\/\/www.region-a3.com\/en\/#\/schema\/logo\/image\/","url":"https:\/\/www.region-a3.com\/wp-content\/uploads\/2020\/11\/A3-Regio_Augsburg_Wirtschaft-Logo-rgb.jpg","contentUrl":"https:\/\/www.region-a3.com\/wp-content\/uploads\/2020\/11\/A3-Regio_Augsburg_Wirtschaft-Logo-rgb.jpg","width":692,"height":265,"caption":"Regio Augsburg Wirtschaft GmbH"},"image":{"@id":"https:\/\/www.region-a3.com\/en\/#\/schema\/logo\/image\/"},"sameAs":["https:\/\/www.facebook.com\/pages\/Regio-Augsburg-Wirtschaft-GmbH\/517310831654971","https:\/\/x.com\/ahoch3_augsburg","https:\/\/www.linkedin.com\/company\/regio-augsburg-wirtschaft-gmbh","https:\/\/www.youtube.com\/user\/RegionA3"]}]}},"publishpress_future_workflow_manual_trigger":{"enabledWorkflows":[]},"_links":{"self":[{"href":"https:\/\/www.region-a3.com\/en\/wp-json\/wp\/v2\/mediagallery\/104272","targetHints":{"allow":["GET"]}}],"collection":[{"href":"https:\/\/www.region-a3.com\/en\/wp-json\/wp\/v2\/mediagallery"}],"about":[{"href":"https:\/\/www.region-a3.com\/en\/wp-json\/wp\/v2\/types\/mediagallery"}],"wp:attachment":[{"href":"https:\/\/www.region-a3.com\/en\/wp-json\/wp\/v2\/media?parent=104272"}],"wp:term":[{"taxonomy":"gallery_name","embeddable":true,"href":"https:\/\/www.region-a3.com\/en\/wp-json\/wp\/v2\/gallery_name?post=104272"},{"taxonomy":"mediagallerien_category","embeddable":true,"href":"https:\/\/www.region-a3.com\/en\/wp-json\/wp\/v2\/mediagallerien_category?post=104272"},{"taxonomy":"mediengallerie_tag","embeddable":true,"href":"https:\/\/www.region-a3.com\/en\/wp-json\/wp\/v2\/mediengallerie_tag?post=104272"},{"taxonomy":"mediagallery_cat","embeddable":true,"href":"https:\/\/www.region-a3.com\/en\/wp-json\/wp\/v2\/mediagallery_cat?post=104272"}],"curies":[{"name":"wp","href":"https:\/\/api.w.org\/{rel}","templated":true}]}}

<p>Wir waren zu Besuch bei der Wertachklinik in Bobingen und haben einen Blick in verschiedene Arbeitsbereiche werfen dürfen.<br />
So haben wir u.a. Eindrücke von der Physiotherapie, dem Röntgenlabor, dem MRT und der Cafeteria, die wir mit Ihnen teilen möchten. Unser Eindruck: Ob Mitarbeiter oder Patient – hier kann man sich durchaus wohlfühlen!</p>

<p>Wir waren zu Besuch bei der Wertachklinik in Bobingen und haben einen Blick in verschiedene Arbeitsbereiche werfen dürfen. So haben wir u.a. Eindrücke von der Physiotherapie, dem Röntgenlabor, dem MRT und der Cafeteria, die wir mit Ihnen teilen möchten. Unser Eindruck: Ob Mitarbeiter oder Patient – hier kann man sich durchaus wohlfühlen!</p>

<!-- This site is optimized with the Yoast SEO plugin v27.5 - https://yoast.com/product/yoast-seo-wordpress/ -->
<title>Impressionen von der Wertach Klinik &#187; A³</title>
<meta name="robots" content="index, follow, max-snippet:-1, max-image-preview:large, max-video-preview:-1" />
<link rel="canonical" href="https://www.region-a3.com/en/galerie/impressionen-von-der-wertach-klinik/" />
<meta property="og:locale" content="en_US" />
<meta property="og:type" content="article" />
<meta property="og:title" content="Impressionen von der Wertach Klinik &#187; A³" />
<meta property="og:description" content="Wir waren zu Besuch bei der Wertachklinik in Bobingen und haben einen Blick in verschiedene Arbeitsbereiche werfen dürfen. So haben wir u.a. Eindrücke von der Physiotherapie, dem Röntgenlabor, dem MRT und der Cafeteria, die wir mit Ihnen teilen möchten. Unser Eindruck: Ob Mitarbeiter oder Patient – hier kann man sich durchaus wohlfühlen!" />
<meta property="og:url" content="https://www.region-a3.com/en/galerie/impressionen-von-der-wertach-klinik/" />
<meta property="og:site_name" content="A³" />
<meta property="article:publisher" content="https://www.facebook.com/pages/Regio-Augsburg-Wirtschaft-GmbH/517310831654971" />
<meta property="article:modified_time" content="2023-02-06T09:19:25+00:00" />
<meta property="og:image" content="https://www.region-a3.com/wp-content/uploads/2021/02/A3-favicon_192x192px.png" />
	<meta property="og:image:width" content="192" />
	<meta property="og:image:height" content="192" />
	<meta property="og:image:type" content="image/png" />
<meta name="twitter:card" content="summary_large_image" />
<meta name="twitter:site" content="@ahoch3_augsburg" />
<meta name="twitter:label1" content="Est. reading time" />
	<meta name="twitter:data1" content="1 minute" />
<script type="application/ld+json" class="yoast-schema-graph">{"@context":"https:\/\/schema.org","@graph":[{"@type":"WebPage","@id":"https:\/\/www.region-a3.com\/en\/galerie\/impressionen-von-der-wertach-klinik\/","url":"https:\/\/www.region-a3.com\/en\/galerie\/impressionen-von-der-wertach-klinik\/","name":"Impressionen von der Wertach Klinik &#187; A³","isPartOf":{"@id":"https:\/\/www.region-a3.com\/en\/#website"},"datePublished":"2022-10-18T07:25:31+00:00","dateModified":"2023-02-06T09:19:25+00:00","breadcrumb":{"@id":"https:\/\/www.region-a3.com\/en\/galerie\/impressionen-von-der-wertach-klinik\/#breadcrumb"},"inLanguage":"en-US","potentialAction":[{"@type":"ReadAction","target":["https:\/\/www.region-a3.com\/en\/galerie\/impressionen-von-der-wertach-klinik\/"]}]},{"@type":"BreadcrumbList","@id":"https:\/\/www.region-a3.com\/en\/galerie\/impressionen-von-der-wertach-klinik\/#breadcrumb","itemListElement":[{"@type":"ListItem","position":1,"name":"Mediengallerien","item":"https:\/\/www.region-a3.com\/en\/galerie\/"},{"@type":"ListItem","position":2,"name":"Impressionen von der Wertach Klinik"}]},{"@type":"WebSite","@id":"https:\/\/www.region-a3.com\/en\/#website","url":"https:\/\/www.region-a3.com\/en\/","name":"A³","description":"Website der Regio Augsburg Wirtschaft GmbH","publisher":{"@id":"https:\/\/www.region-a3.com\/en\/#organization"},"potentialAction":[{"@type":"SearchAction","target":{"@type":"EntryPoint","urlTemplate":"https:\/\/www.region-a3.com\/en\/?s={search_term_string}"},"query-input":{"@type":"PropertyValueSpecification","valueRequired":true,"valueName":"search_term_string"}}],"inLanguage":"en-US"},{"@type":"Organization","@id":"https:\/\/www.region-a3.com\/en\/#organization","name":"Regio Augsburg Wirtschaft GmbH","url":"https:\/\/www.region-a3.com\/en\/","logo":{"@type":"ImageObject","inLanguage":"en-US","@id":"https:\/\/www.region-a3.com\/en\/#\/schema\/logo\/image\/","url":"https:\/\/www.region-a3.com\/wp-content\/uploads\/2020\/11\/A3-Regio_Augsburg_Wirtschaft-Logo-rgb.jpg","contentUrl":"https:\/\/www.region-a3.com\/wp-content\/uploads\/2020\/11\/A3-Regio_Augsburg_Wirtschaft-Logo-rgb.jpg","width":692,"height":265,"caption":"Regio Augsburg Wirtschaft GmbH"},"image":{"@id":"https:\/\/www.region-a3.com\/en\/#\/schema\/logo\/image\/"},"sameAs":["https:\/\/www.facebook.com\/pages\/Regio-Augsburg-Wirtschaft-GmbH\/517310831654971","https:\/\/x.com\/ahoch3_augsburg","https:\/\/www.linkedin.com\/company\/regio-augsburg-wirtschaft-gmbh","https:\/\/www.youtube.com\/user\/RegionA3"]}]}</script>
<!-- / Yoast SEO plugin. -->

Wir waren zu Besuch bei der Wertachklinik in Bobingen und haben einen Blick in verschiedene Arbeitsbereiche werfen dürfen. So haben wir u.a. Eindrücke von der Physiotherapie, dem Röntgenlabor, dem MRT und der Cafeteria, die wir mit Ihnen teilen möchten. Unser Eindruck: Ob Mitarbeiter oder Patient – hier kann man sich durchaus wohlfühlen!
