{"id":112729,"date":"2022-12-06T13:26:11","date_gmt":"2022-12-06T12:26:11","guid":{"rendered":"https:\/\/www.region-a3.com\/?post_type=mediagallery&#038;p=112729"},"modified":"2023-10-24T12:36:19","modified_gmt":"2023-10-24T10:36:19","slug":"nachhaltigkeitstag-wirtschaft-2022","status":"publish","type":"mediagallery","link":"https:\/\/www.region-a3.com\/en\/galerie\/nachhaltigkeitstag-wirtschaft-2022\/","title":{"rendered":"Nachhaltigkeitstag Wirtschaft 2022"},"content":{"rendered":"<p><em>Bereits zum sechsten Mal fand am 22.11.2022 der Nachhaltigkeitstag Wirtschaft A\u00b3 statt. Knapp 100 G\u00e4ste waren ins Westhouse Augsburg gekommen. Mit dem Thema \u201eZwischen Klimaschutz und Wirtschaftlichkeit\u201c wurden die Teilnehmer dar\u00fcber informiert, wie Klimaschutz und Nachhaltigkeitsengagement mit Wirtschaftlichkeit vereinbart werden k\u00f6nnen. Neben dem Hauptredner Prof. Dr. Andreas L\u00f6schel gab es einen weiteren Impuls von Ulrich L\u00e4ngle, dem Vertriebsleiter der Stadtwerke Augsburg, und eine spannende Podiumsdiskussion. Im Anschluss diskutierten die Teilnehmer an sechs Thementischen mit weiteren Experten verschiedene Aspekte von Klimaschutz. Im Vordergrund standen hier der Austausch und die Vorstellung guter Beispiele aus der Region Augsburg.<\/em><\/p>\n<p>Der Nachhaltigkeitstag Wirtschaft A\u00b3 wird von der Regio Augsburg Wirtschaft in Zusammenarbeit mit dem B\u00fcro f\u00fcr Nachhaltigkeit und der Wirtschaftsf\u00f6rderung der Stadt Augsburg organisiert, mit der Unterst\u00fctzung durch die Stadtwerke Augsburg. Gastgeber war das Westhouse Augsburg.<\/p>\n<p><a href=\"https:\/\/www.region-a3.com\/news\/20221122pm-nachhaltigkeitstag\/\">Mehr Infos hier<\/a><\/p>\n<p>&nbsp;<\/p>\n","protected":false},"excerpt":{"rendered":"<p>Bereits zum sechsten Mal fand am 22.11.2022 der Nachhaltigkeitstag Wirtschaft A\u00b3 statt. Knapp 100 G\u00e4ste waren ins Westhouse Augsburg gekommen. Mit dem Thema \u201eZwischen Klimaschutz und Wirtschaftlichkeit\u201c wurden die Teilnehmer dar\u00fcber informiert, wie Klimaschutz und Nachhaltigkeitsengagement mit Wirtschaftlichkeit vereinbart werden k\u00f6nnen. Neben dem Hauptredner Prof. Dr. Andreas L\u00f6schel gab es einen weiteren Impuls von Ulrich [&hellip;]<\/p>\n","protected":false},"featured_media":0,"template":"","meta":{"_acf_changed":false},"gallery_name":[253,324],"mediagallerien_category":[335],"mediengallerie_tag":[],"mediagallery_cat":[255],"class_list":["post-112729","mediagallery","type-mediagallery","status-publish","hentry","gallery_name-haupt_galerie","gallery_name-nachhaltiges-wirtschaften","mediagallerien_category-nachhaltigkeitstag-wirtschaft","mediagallery_cat-foto"],"acf":[],"yoast_head":"<!-- This site is optimized with the Yoast SEO plugin v27.5 - https:\/\/yoast.com\/product\/yoast-seo-wordpress\/ -->\n<title>Nachhaltigkeitstag Wirtschaft 2022 &#187; A\u00b3<\/title>\n<meta name=\"robots\" content=\"index, follow, max-snippet:-1, max-image-preview:large, max-video-preview:-1\" \/>\n<link rel=\"canonical\" href=\"https:\/\/www.region-a3.com\/en\/galerie\/nachhaltigkeitstag-wirtschaft-2022\/\" \/>\n<meta property=\"og:locale\" content=\"en_US\" \/>\n<meta property=\"og:type\" content=\"article\" \/>\n<meta property=\"og:title\" content=\"Nachhaltigkeitstag Wirtschaft 2022 &#187; A\u00b3\" \/>\n<meta property=\"og:description\" content=\"Bereits zum sechsten Mal fand am 22.11.2022 der Nachhaltigkeitstag Wirtschaft A\u00b3 statt. Knapp 100 G\u00e4ste waren ins Westhouse Augsburg gekommen. Mit dem Thema \u201eZwischen Klimaschutz und Wirtschaftlichkeit\u201c wurden die Teilnehmer dar\u00fcber informiert, wie Klimaschutz und Nachhaltigkeitsengagement mit Wirtschaftlichkeit vereinbart werden k\u00f6nnen. Neben dem Hauptredner Prof. Dr. Andreas L\u00f6schel gab es einen weiteren Impuls von Ulrich [&hellip;]\" \/>\n<meta property=\"og:url\" content=\"https:\/\/www.region-a3.com\/en\/galerie\/nachhaltigkeitstag-wirtschaft-2022\/\" \/>\n<meta property=\"og:site_name\" content=\"A\u00b3\" \/>\n<meta property=\"article:publisher\" content=\"https:\/\/www.facebook.com\/pages\/Regio-Augsburg-Wirtschaft-GmbH\/517310831654971\" \/>\n<meta property=\"article:modified_time\" content=\"2023-10-24T10:36:19+00:00\" \/>\n<meta property=\"og:image\" content=\"https:\/\/www.region-a3.com\/wp-content\/uploads\/2021\/02\/A3-favicon_192x192px.png\" \/>\n\t<meta property=\"og:image:width\" content=\"192\" \/>\n\t<meta property=\"og:image:height\" content=\"192\" \/>\n\t<meta property=\"og:image:type\" content=\"image\/png\" \/>\n<meta name=\"twitter:card\" content=\"summary_large_image\" \/>\n<meta name=\"twitter:site\" content=\"@ahoch3_augsburg\" \/>\n<meta name=\"twitter:label1\" content=\"Est. reading time\" \/>\n\t<meta name=\"twitter:data1\" content=\"1 minute\" \/>\n<script type=\"application\/ld+json\" class=\"yoast-schema-graph\">{\"@context\":\"https:\\\/\\\/schema.org\",\"@graph\":[{\"@type\":\"WebPage\",\"@id\":\"https:\\\/\\\/www.region-a3.com\\\/en\\\/galerie\\\/nachhaltigkeitstag-wirtschaft-2022\\\/\",\"url\":\"https:\\\/\\\/www.region-a3.com\\\/en\\\/galerie\\\/nachhaltigkeitstag-wirtschaft-2022\\\/\",\"name\":\"Nachhaltigkeitstag Wirtschaft 2022 &#187; A\u00b3\",\"isPartOf\":{\"@id\":\"https:\\\/\\\/www.region-a3.com\\\/en\\\/#website\"},\"datePublished\":\"2022-12-06T12:26:11+00:00\",\"dateModified\":\"2023-10-24T10:36:19+00:00\",\"breadcrumb\":{\"@id\":\"https:\\\/\\\/www.region-a3.com\\\/en\\\/galerie\\\/nachhaltigkeitstag-wirtschaft-2022\\\/#breadcrumb\"},\"inLanguage\":\"en-US\",\"potentialAction\":[{\"@type\":\"ReadAction\",\"target\":[\"https:\\\/\\\/www.region-a3.com\\\/en\\\/galerie\\\/nachhaltigkeitstag-wirtschaft-2022\\\/\"]}]},{\"@type\":\"BreadcrumbList\",\"@id\":\"https:\\\/\\\/www.region-a3.com\\\/en\\\/galerie\\\/nachhaltigkeitstag-wirtschaft-2022\\\/#breadcrumb\",\"itemListElement\":[{\"@type\":\"ListItem\",\"position\":1,\"name\":\"Mediengallerien\",\"item\":\"https:\\\/\\\/www.region-a3.com\\\/en\\\/galerie\\\/\"},{\"@type\":\"ListItem\",\"position\":2,\"name\":\"Nachhaltigkeitstag Wirtschaft 2022\"}]},{\"@type\":\"WebSite\",\"@id\":\"https:\\\/\\\/www.region-a3.com\\\/en\\\/#website\",\"url\":\"https:\\\/\\\/www.region-a3.com\\\/en\\\/\",\"name\":\"A\u00b3\",\"description\":\"Website der Regio Augsburg Wirtschaft GmbH\",\"publisher\":{\"@id\":\"https:\\\/\\\/www.region-a3.com\\\/en\\\/#organization\"},\"potentialAction\":[{\"@type\":\"SearchAction\",\"target\":{\"@type\":\"EntryPoint\",\"urlTemplate\":\"https:\\\/\\\/www.region-a3.com\\\/en\\\/?s={search_term_string}\"},\"query-input\":{\"@type\":\"PropertyValueSpecification\",\"valueRequired\":true,\"valueName\":\"search_term_string\"}}],\"inLanguage\":\"en-US\"},{\"@type\":\"Organization\",\"@id\":\"https:\\\/\\\/www.region-a3.com\\\/en\\\/#organization\",\"name\":\"Regio Augsburg Wirtschaft GmbH\",\"url\":\"https:\\\/\\\/www.region-a3.com\\\/en\\\/\",\"logo\":{\"@type\":\"ImageObject\",\"inLanguage\":\"en-US\",\"@id\":\"https:\\\/\\\/www.region-a3.com\\\/en\\\/#\\\/schema\\\/logo\\\/image\\\/\",\"url\":\"https:\\\/\\\/www.region-a3.com\\\/wp-content\\\/uploads\\\/2020\\\/11\\\/A3-Regio_Augsburg_Wirtschaft-Logo-rgb.jpg\",\"contentUrl\":\"https:\\\/\\\/www.region-a3.com\\\/wp-content\\\/uploads\\\/2020\\\/11\\\/A3-Regio_Augsburg_Wirtschaft-Logo-rgb.jpg\",\"width\":692,\"height\":265,\"caption\":\"Regio Augsburg Wirtschaft GmbH\"},\"image\":{\"@id\":\"https:\\\/\\\/www.region-a3.com\\\/en\\\/#\\\/schema\\\/logo\\\/image\\\/\"},\"sameAs\":[\"https:\\\/\\\/www.facebook.com\\\/pages\\\/Regio-Augsburg-Wirtschaft-GmbH\\\/517310831654971\",\"https:\\\/\\\/x.com\\\/ahoch3_augsburg\",\"https:\\\/\\\/www.linkedin.com\\\/company\\\/regio-augsburg-wirtschaft-gmbh\",\"https:\\\/\\\/www.youtube.com\\\/user\\\/RegionA3\"]}]}<\/script>\n<!-- \/ Yoast SEO plugin. -->","yoast_head_json":{"title":"Nachhaltigkeitstag Wirtschaft 2022 &#187; A\u00b3","robots":{"index":"index","follow":"follow","max-snippet":"max-snippet:-1","max-image-preview":"max-image-preview:large","max-video-preview":"max-video-preview:-1"},"canonical":"https:\/\/www.region-a3.com\/en\/galerie\/nachhaltigkeitstag-wirtschaft-2022\/","og_locale":"en_US","og_type":"article","og_title":"Nachhaltigkeitstag Wirtschaft 2022 &#187; A\u00b3","og_description":"Bereits zum sechsten Mal fand am 22.11.2022 der Nachhaltigkeitstag Wirtschaft A\u00b3 statt. Knapp 100 G\u00e4ste waren ins Westhouse Augsburg gekommen. Mit dem Thema \u201eZwischen Klimaschutz und Wirtschaftlichkeit\u201c wurden die Teilnehmer dar\u00fcber informiert, wie Klimaschutz und Nachhaltigkeitsengagement mit Wirtschaftlichkeit vereinbart werden k\u00f6nnen. Neben dem Hauptredner Prof. Dr. Andreas L\u00f6schel gab es einen weiteren Impuls von Ulrich [&hellip;]","og_url":"https:\/\/www.region-a3.com\/en\/galerie\/nachhaltigkeitstag-wirtschaft-2022\/","og_site_name":"A\u00b3","article_publisher":"https:\/\/www.facebook.com\/pages\/Regio-Augsburg-Wirtschaft-GmbH\/517310831654971","article_modified_time":"2023-10-24T10:36:19+00:00","og_image":[{"width":192,"height":192,"url":"https:\/\/www.region-a3.com\/wp-content\/uploads\/2021\/02\/A3-favicon_192x192px.png","type":"image\/png"}],"twitter_card":"summary_large_image","twitter_site":"@ahoch3_augsburg","twitter_misc":{"Est. reading time":"1 minute"},"schema":{"@context":"https:\/\/schema.org","@graph":[{"@type":"WebPage","@id":"https:\/\/www.region-a3.com\/en\/galerie\/nachhaltigkeitstag-wirtschaft-2022\/","url":"https:\/\/www.region-a3.com\/en\/galerie\/nachhaltigkeitstag-wirtschaft-2022\/","name":"Nachhaltigkeitstag Wirtschaft 2022 &#187; A\u00b3","isPartOf":{"@id":"https:\/\/www.region-a3.com\/en\/#website"},"datePublished":"2022-12-06T12:26:11+00:00","dateModified":"2023-10-24T10:36:19+00:00","breadcrumb":{"@id":"https:\/\/www.region-a3.com\/en\/galerie\/nachhaltigkeitstag-wirtschaft-2022\/#breadcrumb"},"inLanguage":"en-US","potentialAction":[{"@type":"ReadAction","target":["https:\/\/www.region-a3.com\/en\/galerie\/nachhaltigkeitstag-wirtschaft-2022\/"]}]},{"@type":"BreadcrumbList","@id":"https:\/\/www.region-a3.com\/en\/galerie\/nachhaltigkeitstag-wirtschaft-2022\/#breadcrumb","itemListElement":[{"@type":"ListItem","position":1,"name":"Mediengallerien","item":"https:\/\/www.region-a3.com\/en\/galerie\/"},{"@type":"ListItem","position":2,"name":"Nachhaltigkeitstag Wirtschaft 2022"}]},{"@type":"WebSite","@id":"https:\/\/www.region-a3.com\/en\/#website","url":"https:\/\/www.region-a3.com\/en\/","name":"A\u00b3","description":"Website der Regio Augsburg Wirtschaft GmbH","publisher":{"@id":"https:\/\/www.region-a3.com\/en\/#organization"},"potentialAction":[{"@type":"SearchAction","target":{"@type":"EntryPoint","urlTemplate":"https:\/\/www.region-a3.com\/en\/?s={search_term_string}"},"query-input":{"@type":"PropertyValueSpecification","valueRequired":true,"valueName":"search_term_string"}}],"inLanguage":"en-US"},{"@type":"Organization","@id":"https:\/\/www.region-a3.com\/en\/#organization","name":"Regio Augsburg Wirtschaft GmbH","url":"https:\/\/www.region-a3.com\/en\/","logo":{"@type":"ImageObject","inLanguage":"en-US","@id":"https:\/\/www.region-a3.com\/en\/#\/schema\/logo\/image\/","url":"https:\/\/www.region-a3.com\/wp-content\/uploads\/2020\/11\/A3-Regio_Augsburg_Wirtschaft-Logo-rgb.jpg","contentUrl":"https:\/\/www.region-a3.com\/wp-content\/uploads\/2020\/11\/A3-Regio_Augsburg_Wirtschaft-Logo-rgb.jpg","width":692,"height":265,"caption":"Regio Augsburg Wirtschaft GmbH"},"image":{"@id":"https:\/\/www.region-a3.com\/en\/#\/schema\/logo\/image\/"},"sameAs":["https:\/\/www.facebook.com\/pages\/Regio-Augsburg-Wirtschaft-GmbH\/517310831654971","https:\/\/x.com\/ahoch3_augsburg","https:\/\/www.linkedin.com\/company\/regio-augsburg-wirtschaft-gmbh","https:\/\/www.youtube.com\/user\/RegionA3"]}]}},"publishpress_future_workflow_manual_trigger":{"enabledWorkflows":[]},"_links":{"self":[{"href":"https:\/\/www.region-a3.com\/en\/wp-json\/wp\/v2\/mediagallery\/112729","targetHints":{"allow":["GET"]}}],"collection":[{"href":"https:\/\/www.region-a3.com\/en\/wp-json\/wp\/v2\/mediagallery"}],"about":[{"href":"https:\/\/www.region-a3.com\/en\/wp-json\/wp\/v2\/types\/mediagallery"}],"wp:attachment":[{"href":"https:\/\/www.region-a3.com\/en\/wp-json\/wp\/v2\/media?parent=112729"}],"wp:term":[{"taxonomy":"gallery_name","embeddable":true,"href":"https:\/\/www.region-a3.com\/en\/wp-json\/wp\/v2\/gallery_name?post=112729"},{"taxonomy":"mediagallerien_category","embeddable":true,"href":"https:\/\/www.region-a3.com\/en\/wp-json\/wp\/v2\/mediagallerien_category?post=112729"},{"taxonomy":"mediengallerie_tag","embeddable":true,"href":"https:\/\/www.region-a3.com\/en\/wp-json\/wp\/v2\/mediengallerie_tag?post=112729"},{"taxonomy":"mediagallery_cat","embeddable":true,"href":"https:\/\/www.region-a3.com\/en\/wp-json\/wp\/v2\/mediagallery_cat?post=112729"}],"curies":[{"name":"wp","href":"https:\/\/api.w.org\/{rel}","templated":true}]}}

<p><em>Bereits zum sechsten Mal fand am 22.11.2022 der Nachhaltigkeitstag Wirtschaft A³ statt. Knapp 100 Gäste waren ins Westhouse Augsburg gekommen. Mit dem Thema „Zwischen Klimaschutz und Wirtschaftlichkeit“ wurden die Teilnehmer darüber informiert, wie Klimaschutz und Nachhaltigkeitsengagement mit Wirtschaftlichkeit vereinbart werden können. Neben dem Hauptredner Prof. Dr. Andreas Löschel gab es einen weiteren Impuls von Ulrich Längle, dem Vertriebsleiter der Stadtwerke Augsburg, und eine spannende Podiumsdiskussion. Im Anschluss diskutierten die Teilnehmer an sechs Thementischen mit weiteren Experten verschiedene Aspekte von Klimaschutz. Im Vordergrund standen hier der Austausch und die Vorstellung guter Beispiele aus der Region Augsburg.</em></p>
<p>Der Nachhaltigkeitstag Wirtschaft A³ wird von der Regio Augsburg Wirtschaft in Zusammenarbeit mit dem Büro für Nachhaltigkeit und der Wirtschaftsförderung der Stadt Augsburg organisiert, mit der Unterstützung durch die Stadtwerke Augsburg. Gastgeber war das Westhouse Augsburg.</p>
<p><a href="https://www.region-a3.com/news/20221122pm-nachhaltigkeitstag/">Mehr Infos hier</a></p>
<p>&nbsp;</p>

<p>Bereits zum sechsten Mal fand am 22.11.2022 der Nachhaltigkeitstag Wirtschaft A³ statt. Knapp 100 Gäste waren ins Westhouse Augsburg gekommen. Mit dem Thema „Zwischen Klimaschutz und Wirtschaftlichkeit“ wurden die Teilnehmer darüber informiert, wie Klimaschutz und Nachhaltigkeitsengagement mit Wirtschaftlichkeit vereinbart werden können. Neben dem Hauptredner Prof. Dr. Andreas Löschel gab es einen weiteren Impuls von Ulrich [&hellip;]</p>

<!-- This site is optimized with the Yoast SEO plugin v27.5 - https://yoast.com/product/yoast-seo-wordpress/ -->
<title>Nachhaltigkeitstag Wirtschaft 2022 &#187; A³</title>
<meta name="robots" content="index, follow, max-snippet:-1, max-image-preview:large, max-video-preview:-1" />
<link rel="canonical" href="https://www.region-a3.com/en/galerie/nachhaltigkeitstag-wirtschaft-2022/" />
<meta property="og:locale" content="en_US" />
<meta property="og:type" content="article" />
<meta property="og:title" content="Nachhaltigkeitstag Wirtschaft 2022 &#187; A³" />
<meta property="og:description" content="Bereits zum sechsten Mal fand am 22.11.2022 der Nachhaltigkeitstag Wirtschaft A³ statt. Knapp 100 Gäste waren ins Westhouse Augsburg gekommen. Mit dem Thema „Zwischen Klimaschutz und Wirtschaftlichkeit“ wurden die Teilnehmer darüber informiert, wie Klimaschutz und Nachhaltigkeitsengagement mit Wirtschaftlichkeit vereinbart werden können. Neben dem Hauptredner Prof. Dr. Andreas Löschel gab es einen weiteren Impuls von Ulrich [&hellip;]" />
<meta property="og:url" content="https://www.region-a3.com/en/galerie/nachhaltigkeitstag-wirtschaft-2022/" />
<meta property="og:site_name" content="A³" />
<meta property="article:publisher" content="https://www.facebook.com/pages/Regio-Augsburg-Wirtschaft-GmbH/517310831654971" />
<meta property="article:modified_time" content="2023-10-24T10:36:19+00:00" />
<meta property="og:image" content="https://www.region-a3.com/wp-content/uploads/2021/02/A3-favicon_192x192px.png" />
	<meta property="og:image:width" content="192" />
	<meta property="og:image:height" content="192" />
	<meta property="og:image:type" content="image/png" />
<meta name="twitter:card" content="summary_large_image" />
<meta name="twitter:site" content="@ahoch3_augsburg" />
<meta name="twitter:label1" content="Est. reading time" />
	<meta name="twitter:data1" content="1 minute" />
<script type="application/ld+json" class="yoast-schema-graph">{"@context":"https:\/\/schema.org","@graph":[{"@type":"WebPage","@id":"https:\/\/www.region-a3.com\/en\/galerie\/nachhaltigkeitstag-wirtschaft-2022\/","url":"https:\/\/www.region-a3.com\/en\/galerie\/nachhaltigkeitstag-wirtschaft-2022\/","name":"Nachhaltigkeitstag Wirtschaft 2022 &#187; A³","isPartOf":{"@id":"https:\/\/www.region-a3.com\/en\/#website"},"datePublished":"2022-12-06T12:26:11+00:00","dateModified":"2023-10-24T10:36:19+00:00","breadcrumb":{"@id":"https:\/\/www.region-a3.com\/en\/galerie\/nachhaltigkeitstag-wirtschaft-2022\/#breadcrumb"},"inLanguage":"en-US","potentialAction":[{"@type":"ReadAction","target":["https:\/\/www.region-a3.com\/en\/galerie\/nachhaltigkeitstag-wirtschaft-2022\/"]}]},{"@type":"BreadcrumbList","@id":"https:\/\/www.region-a3.com\/en\/galerie\/nachhaltigkeitstag-wirtschaft-2022\/#breadcrumb","itemListElement":[{"@type":"ListItem","position":1,"name":"Mediengallerien","item":"https:\/\/www.region-a3.com\/en\/galerie\/"},{"@type":"ListItem","position":2,"name":"Nachhaltigkeitstag Wirtschaft 2022"}]},{"@type":"WebSite","@id":"https:\/\/www.region-a3.com\/en\/#website","url":"https:\/\/www.region-a3.com\/en\/","name":"A³","description":"Website der Regio Augsburg Wirtschaft GmbH","publisher":{"@id":"https:\/\/www.region-a3.com\/en\/#organization"},"potentialAction":[{"@type":"SearchAction","target":{"@type":"EntryPoint","urlTemplate":"https:\/\/www.region-a3.com\/en\/?s={search_term_string}"},"query-input":{"@type":"PropertyValueSpecification","valueRequired":true,"valueName":"search_term_string"}}],"inLanguage":"en-US"},{"@type":"Organization","@id":"https:\/\/www.region-a3.com\/en\/#organization","name":"Regio Augsburg Wirtschaft GmbH","url":"https:\/\/www.region-a3.com\/en\/","logo":{"@type":"ImageObject","inLanguage":"en-US","@id":"https:\/\/www.region-a3.com\/en\/#\/schema\/logo\/image\/","url":"https:\/\/www.region-a3.com\/wp-content\/uploads\/2020\/11\/A3-Regio_Augsburg_Wirtschaft-Logo-rgb.jpg","contentUrl":"https:\/\/www.region-a3.com\/wp-content\/uploads\/2020\/11\/A3-Regio_Augsburg_Wirtschaft-Logo-rgb.jpg","width":692,"height":265,"caption":"Regio Augsburg Wirtschaft GmbH"},"image":{"@id":"https:\/\/www.region-a3.com\/en\/#\/schema\/logo\/image\/"},"sameAs":["https:\/\/www.facebook.com\/pages\/Regio-Augsburg-Wirtschaft-GmbH\/517310831654971","https:\/\/x.com\/ahoch3_augsburg","https:\/\/www.linkedin.com\/company\/regio-augsburg-wirtschaft-gmbh","https:\/\/www.youtube.com\/user\/RegionA3"]}]}</script>
<!-- / Yoast SEO plugin. -->

Bereits zum sechsten Mal fand am 22.11.2022 der Nachhaltigkeitstag Wirtschaft A³ statt. Knapp 100 Gäste waren ins Westhouse Augsburg gekommen. Mit dem Thema „Zwischen Klimaschutz und Wirtschaftlichkeit“ wurden die Teilnehmer darüber informiert, wie Klimaschutz und Nachhaltigkeitsengagement mit Wirtschaftlichkeit vereinbart werden können. Neben dem Hauptredner Prof. Dr. Andreas Löschel gab es einen weiteren Impuls von Ulrich [&hellip;]
