{"id":204526,"date":"2024-09-27T12:53:01","date_gmt":"2024-09-27T10:53:01","guid":{"rendered":"https:\/\/www.region-a3.com\/?post_type=mediagallery&#038;p=204526"},"modified":"2024-09-27T13:27:13","modified_gmt":"2024-09-27T11:27:13","slug":"a3-immobilienkongress-2024-statements","status":"publish","type":"mediagallery","link":"https:\/\/www.region-a3.com\/en\/galerie\/a3-immobilienkongress-2024-statements\/","title":{"rendered":"A\u00b3 Immobilienkongress 2024 Statements von Michael W\u00f6rle, Prof. Dr. Tobias Just, Peter Weis, Thomas Krafft und Wulf von Borzyskowski"},"content":{"rendered":"<p>Herr W\u00f6rle wurde gefragt: Worin sehen Sie die gr\u00f6\u00dfte Herausforderung f\u00fcr Kommunen in der Zukunft im Bereich Stadtentwicklung?<\/p>\n<p>Herr Professor Justwurde gefragt: Wie s\u00e4he das perfekte Gewerbegeb\u00e4ude der Zukunft aus, um das sich Investoren streiten m\u00f6chten \u2013 welche Schlagworte m\u00fcssten darin vorkommen?<\/p>\n<p>Herr Weis wurde gefragt: Anpassungsdruck auf die Immobilienm\u00e4rkte erfordert immer mehr Flexibilit\u00e4t und Weitblick. Nun d\u00fcrfen wir heute hier im sch\u00f6nen und innovativen Weitblick 1.7 tagen, das Sie vor Jahren schon mit Blick in die Zukunft entwickelt haben. Woran m\u00fcssen Entwickler heute in Ihren Augen vor allem denken, um auch f\u00fcr die Zukunft Weitblick zu beweisen?<\/p>\n<p>Herr Krafft wurde gefragt: Mit dem TONI Park gestalten Sie den Augsburger S\u00fcden zusammen mit dem Innovationspark, der WBI AG und weiteren Partnern zukunftsstark f\u00fcr IT- und Hightech-Unternehmen. Welche Anregungen nehmen Sie heute von dem A\u00b3 Immobilienkongress mit?<\/p>\n<p>Herr von Borzyskowski, wurde gefragt: Mit Gateway, LeitWerk und Nokera hat sich ein einzigartiges Trio zusammengefunden, das den Wohnungsbau revolutionieren kann. Warum ist das so und was hat das mit Augsburg zu tun?<\/p>\n","protected":false},"excerpt":{"rendered":"<p>Herr W\u00f6rle wurde gefragt: Worin sehen Sie die gr\u00f6\u00dfte Herausforderung f\u00fcr Kommunen in der Zukunft im Bereich Stadtentwicklung? Herr Professor Justwurde gefragt: Wie s\u00e4he das perfekte Gewerbegeb\u00e4ude der Zukunft aus, um das sich Investoren streiten m\u00f6chten \u2013 welche Schlagworte m\u00fcssten darin vorkommen? Herr Weis wurde gefragt: Anpassungsdruck auf die Immobilienm\u00e4rkte erfordert immer mehr Flexibilit\u00e4t und [&hellip;]<\/p>\n","protected":false},"featured_media":0,"template":"","meta":{"_acf_changed":false},"gallery_name":[336,530],"mediagallerien_category":[],"mediengallerie_tag":[524],"mediagallery_cat":[256],"class_list":["post-204526","mediagallery","type-mediagallery","status-publish","hentry","gallery_name-immobilien-und-standort","gallery_name-immobilienkongress-2024","mediengallerie_tag-immobilienkongress-2024","mediagallery_cat-video"],"acf":[],"yoast_head":"<!-- This site is optimized with the Yoast SEO plugin v27.5 - https:\/\/yoast.com\/product\/yoast-seo-wordpress\/ -->\n<title>A\u00b3 Immobilienkongress 2024 Statements von Michael W\u00f6rle, Prof. Dr. Tobias Just, Peter Weis, Thomas Krafft und Wulf von Borzyskowski &#187; A\u00b3<\/title>\n<meta name=\"robots\" content=\"index, follow, max-snippet:-1, max-image-preview:large, max-video-preview:-1\" \/>\n<link rel=\"canonical\" href=\"https:\/\/www.region-a3.com\/en\/galerie\/a3-immobilienkongress-2024-statements\/\" \/>\n<meta property=\"og:locale\" content=\"en_US\" \/>\n<meta property=\"og:type\" content=\"article\" \/>\n<meta property=\"og:title\" content=\"A\u00b3 Immobilienkongress 2024 Statements von Michael W\u00f6rle, Prof. Dr. Tobias Just, Peter Weis, Thomas Krafft und Wulf von Borzyskowski &#187; A\u00b3\" \/>\n<meta property=\"og:description\" content=\"Herr W\u00f6rle wurde gefragt: Worin sehen Sie die gr\u00f6\u00dfte Herausforderung f\u00fcr Kommunen in der Zukunft im Bereich Stadtentwicklung? Herr Professor Justwurde gefragt: Wie s\u00e4he das perfekte Gewerbegeb\u00e4ude der Zukunft aus, um das sich Investoren streiten m\u00f6chten \u2013 welche Schlagworte m\u00fcssten darin vorkommen? Herr Weis wurde gefragt: Anpassungsdruck auf die Immobilienm\u00e4rkte erfordert immer mehr Flexibilit\u00e4t und [&hellip;]\" \/>\n<meta property=\"og:url\" content=\"https:\/\/www.region-a3.com\/en\/galerie\/a3-immobilienkongress-2024-statements\/\" \/>\n<meta property=\"og:site_name\" content=\"A\u00b3\" \/>\n<meta property=\"article:publisher\" content=\"https:\/\/www.facebook.com\/pages\/Regio-Augsburg-Wirtschaft-GmbH\/517310831654971\" \/>\n<meta property=\"article:modified_time\" content=\"2024-09-27T11:27:13+00:00\" \/>\n<meta property=\"og:image\" content=\"https:\/\/www.region-a3.com\/wp-content\/uploads\/2021\/02\/A3-favicon_192x192px.png\" \/>\n\t<meta property=\"og:image:width\" content=\"192\" \/>\n\t<meta property=\"og:image:height\" content=\"192\" \/>\n\t<meta property=\"og:image:type\" content=\"image\/png\" \/>\n<meta name=\"twitter:card\" content=\"summary_large_image\" \/>\n<meta name=\"twitter:site\" content=\"@ahoch3_augsburg\" \/>\n<meta name=\"twitter:label1\" content=\"Est. reading time\" \/>\n\t<meta name=\"twitter:data1\" content=\"1 minute\" \/>\n<script type=\"application\/ld+json\" class=\"yoast-schema-graph\">{\"@context\":\"https:\\\/\\\/schema.org\",\"@graph\":[{\"@type\":\"WebPage\",\"@id\":\"https:\\\/\\\/www.region-a3.com\\\/en\\\/galerie\\\/a3-immobilienkongress-2024-statements\\\/\",\"url\":\"https:\\\/\\\/www.region-a3.com\\\/en\\\/galerie\\\/a3-immobilienkongress-2024-statements\\\/\",\"name\":\"A\u00b3 Immobilienkongress 2024 Statements von Michael W\u00f6rle, Prof. Dr. Tobias Just, Peter Weis, Thomas Krafft und Wulf von Borzyskowski &#187; A\u00b3\",\"isPartOf\":{\"@id\":\"https:\\\/\\\/www.region-a3.com\\\/en\\\/#website\"},\"datePublished\":\"2024-09-27T10:53:01+00:00\",\"dateModified\":\"2024-09-27T11:27:13+00:00\",\"breadcrumb\":{\"@id\":\"https:\\\/\\\/www.region-a3.com\\\/en\\\/galerie\\\/a3-immobilienkongress-2024-statements\\\/#breadcrumb\"},\"inLanguage\":\"en-US\",\"potentialAction\":[{\"@type\":\"ReadAction\",\"target\":[\"https:\\\/\\\/www.region-a3.com\\\/en\\\/galerie\\\/a3-immobilienkongress-2024-statements\\\/\"]}]},{\"@type\":\"BreadcrumbList\",\"@id\":\"https:\\\/\\\/www.region-a3.com\\\/en\\\/galerie\\\/a3-immobilienkongress-2024-statements\\\/#breadcrumb\",\"itemListElement\":[{\"@type\":\"ListItem\",\"position\":1,\"name\":\"Mediengallerien\",\"item\":\"https:\\\/\\\/www.region-a3.com\\\/en\\\/galerie\\\/\"},{\"@type\":\"ListItem\",\"position\":2,\"name\":\"A\u00b3 Immobilienkongress 2024 Statements von Michael W\u00f6rle, Prof. Dr. Tobias Just, Peter Weis, Thomas Krafft und Wulf von Borzyskowski\"}]},{\"@type\":\"WebSite\",\"@id\":\"https:\\\/\\\/www.region-a3.com\\\/en\\\/#website\",\"url\":\"https:\\\/\\\/www.region-a3.com\\\/en\\\/\",\"name\":\"A\u00b3\",\"description\":\"Website der Regio Augsburg Wirtschaft GmbH\",\"publisher\":{\"@id\":\"https:\\\/\\\/www.region-a3.com\\\/en\\\/#organization\"},\"potentialAction\":[{\"@type\":\"SearchAction\",\"target\":{\"@type\":\"EntryPoint\",\"urlTemplate\":\"https:\\\/\\\/www.region-a3.com\\\/en\\\/?s={search_term_string}\"},\"query-input\":{\"@type\":\"PropertyValueSpecification\",\"valueRequired\":true,\"valueName\":\"search_term_string\"}}],\"inLanguage\":\"en-US\"},{\"@type\":\"Organization\",\"@id\":\"https:\\\/\\\/www.region-a3.com\\\/en\\\/#organization\",\"name\":\"Regio Augsburg Wirtschaft GmbH\",\"url\":\"https:\\\/\\\/www.region-a3.com\\\/en\\\/\",\"logo\":{\"@type\":\"ImageObject\",\"inLanguage\":\"en-US\",\"@id\":\"https:\\\/\\\/www.region-a3.com\\\/en\\\/#\\\/schema\\\/logo\\\/image\\\/\",\"url\":\"https:\\\/\\\/www.region-a3.com\\\/wp-content\\\/uploads\\\/2020\\\/11\\\/A3-Regio_Augsburg_Wirtschaft-Logo-rgb.jpg\",\"contentUrl\":\"https:\\\/\\\/www.region-a3.com\\\/wp-content\\\/uploads\\\/2020\\\/11\\\/A3-Regio_Augsburg_Wirtschaft-Logo-rgb.jpg\",\"width\":692,\"height\":265,\"caption\":\"Regio Augsburg Wirtschaft GmbH\"},\"image\":{\"@id\":\"https:\\\/\\\/www.region-a3.com\\\/en\\\/#\\\/schema\\\/logo\\\/image\\\/\"},\"sameAs\":[\"https:\\\/\\\/www.facebook.com\\\/pages\\\/Regio-Augsburg-Wirtschaft-GmbH\\\/517310831654971\",\"https:\\\/\\\/x.com\\\/ahoch3_augsburg\",\"https:\\\/\\\/www.linkedin.com\\\/company\\\/regio-augsburg-wirtschaft-gmbh\",\"https:\\\/\\\/www.youtube.com\\\/user\\\/RegionA3\"]}]}<\/script>\n<!-- \/ Yoast SEO plugin. -->","yoast_head_json":{"title":"A\u00b3 Immobilienkongress 2024 Statements von Michael W\u00f6rle, Prof. Dr. Tobias Just, Peter Weis, Thomas Krafft und Wulf von Borzyskowski &#187; A\u00b3","robots":{"index":"index","follow":"follow","max-snippet":"max-snippet:-1","max-image-preview":"max-image-preview:large","max-video-preview":"max-video-preview:-1"},"canonical":"https:\/\/www.region-a3.com\/en\/galerie\/a3-immobilienkongress-2024-statements\/","og_locale":"en_US","og_type":"article","og_title":"A\u00b3 Immobilienkongress 2024 Statements von Michael W\u00f6rle, Prof. Dr. Tobias Just, Peter Weis, Thomas Krafft und Wulf von Borzyskowski &#187; A\u00b3","og_description":"Herr W\u00f6rle wurde gefragt: Worin sehen Sie die gr\u00f6\u00dfte Herausforderung f\u00fcr Kommunen in der Zukunft im Bereich Stadtentwicklung? Herr Professor Justwurde gefragt: Wie s\u00e4he das perfekte Gewerbegeb\u00e4ude der Zukunft aus, um das sich Investoren streiten m\u00f6chten \u2013 welche Schlagworte m\u00fcssten darin vorkommen? Herr Weis wurde gefragt: Anpassungsdruck auf die Immobilienm\u00e4rkte erfordert immer mehr Flexibilit\u00e4t und [&hellip;]","og_url":"https:\/\/www.region-a3.com\/en\/galerie\/a3-immobilienkongress-2024-statements\/","og_site_name":"A\u00b3","article_publisher":"https:\/\/www.facebook.com\/pages\/Regio-Augsburg-Wirtschaft-GmbH\/517310831654971","article_modified_time":"2024-09-27T11:27:13+00:00","og_image":[{"width":192,"height":192,"url":"https:\/\/www.region-a3.com\/wp-content\/uploads\/2021\/02\/A3-favicon_192x192px.png","type":"image\/png"}],"twitter_card":"summary_large_image","twitter_site":"@ahoch3_augsburg","twitter_misc":{"Est. reading time":"1 minute"},"schema":{"@context":"https:\/\/schema.org","@graph":[{"@type":"WebPage","@id":"https:\/\/www.region-a3.com\/en\/galerie\/a3-immobilienkongress-2024-statements\/","url":"https:\/\/www.region-a3.com\/en\/galerie\/a3-immobilienkongress-2024-statements\/","name":"A\u00b3 Immobilienkongress 2024 Statements von Michael W\u00f6rle, Prof. Dr. Tobias Just, Peter Weis, Thomas Krafft und Wulf von Borzyskowski &#187; A\u00b3","isPartOf":{"@id":"https:\/\/www.region-a3.com\/en\/#website"},"datePublished":"2024-09-27T10:53:01+00:00","dateModified":"2024-09-27T11:27:13+00:00","breadcrumb":{"@id":"https:\/\/www.region-a3.com\/en\/galerie\/a3-immobilienkongress-2024-statements\/#breadcrumb"},"inLanguage":"en-US","potentialAction":[{"@type":"ReadAction","target":["https:\/\/www.region-a3.com\/en\/galerie\/a3-immobilienkongress-2024-statements\/"]}]},{"@type":"BreadcrumbList","@id":"https:\/\/www.region-a3.com\/en\/galerie\/a3-immobilienkongress-2024-statements\/#breadcrumb","itemListElement":[{"@type":"ListItem","position":1,"name":"Mediengallerien","item":"https:\/\/www.region-a3.com\/en\/galerie\/"},{"@type":"ListItem","position":2,"name":"A\u00b3 Immobilienkongress 2024 Statements von Michael W\u00f6rle, Prof. Dr. Tobias Just, Peter Weis, Thomas Krafft und Wulf von Borzyskowski"}]},{"@type":"WebSite","@id":"https:\/\/www.region-a3.com\/en\/#website","url":"https:\/\/www.region-a3.com\/en\/","name":"A\u00b3","description":"Website der Regio Augsburg Wirtschaft GmbH","publisher":{"@id":"https:\/\/www.region-a3.com\/en\/#organization"},"potentialAction":[{"@type":"SearchAction","target":{"@type":"EntryPoint","urlTemplate":"https:\/\/www.region-a3.com\/en\/?s={search_term_string}"},"query-input":{"@type":"PropertyValueSpecification","valueRequired":true,"valueName":"search_term_string"}}],"inLanguage":"en-US"},{"@type":"Organization","@id":"https:\/\/www.region-a3.com\/en\/#organization","name":"Regio Augsburg Wirtschaft GmbH","url":"https:\/\/www.region-a3.com\/en\/","logo":{"@type":"ImageObject","inLanguage":"en-US","@id":"https:\/\/www.region-a3.com\/en\/#\/schema\/logo\/image\/","url":"https:\/\/www.region-a3.com\/wp-content\/uploads\/2020\/11\/A3-Regio_Augsburg_Wirtschaft-Logo-rgb.jpg","contentUrl":"https:\/\/www.region-a3.com\/wp-content\/uploads\/2020\/11\/A3-Regio_Augsburg_Wirtschaft-Logo-rgb.jpg","width":692,"height":265,"caption":"Regio Augsburg Wirtschaft GmbH"},"image":{"@id":"https:\/\/www.region-a3.com\/en\/#\/schema\/logo\/image\/"},"sameAs":["https:\/\/www.facebook.com\/pages\/Regio-Augsburg-Wirtschaft-GmbH\/517310831654971","https:\/\/x.com\/ahoch3_augsburg","https:\/\/www.linkedin.com\/company\/regio-augsburg-wirtschaft-gmbh","https:\/\/www.youtube.com\/user\/RegionA3"]}]}},"publishpress_future_workflow_manual_trigger":{"enabledWorkflows":[]},"_links":{"self":[{"href":"https:\/\/www.region-a3.com\/en\/wp-json\/wp\/v2\/mediagallery\/204526","targetHints":{"allow":["GET"]}}],"collection":[{"href":"https:\/\/www.region-a3.com\/en\/wp-json\/wp\/v2\/mediagallery"}],"about":[{"href":"https:\/\/www.region-a3.com\/en\/wp-json\/wp\/v2\/types\/mediagallery"}],"wp:attachment":[{"href":"https:\/\/www.region-a3.com\/en\/wp-json\/wp\/v2\/media?parent=204526"}],"wp:term":[{"taxonomy":"gallery_name","embeddable":true,"href":"https:\/\/www.region-a3.com\/en\/wp-json\/wp\/v2\/gallery_name?post=204526"},{"taxonomy":"mediagallerien_category","embeddable":true,"href":"https:\/\/www.region-a3.com\/en\/wp-json\/wp\/v2\/mediagallerien_category?post=204526"},{"taxonomy":"mediengallerie_tag","embeddable":true,"href":"https:\/\/www.region-a3.com\/en\/wp-json\/wp\/v2\/mediengallerie_tag?post=204526"},{"taxonomy":"mediagallery_cat","embeddable":true,"href":"https:\/\/www.region-a3.com\/en\/wp-json\/wp\/v2\/mediagallery_cat?post=204526"}],"curies":[{"name":"wp","href":"https:\/\/api.w.org\/{rel}","templated":true}]}}

A³ Immobilienkongress 2024 Statements von Michael Wörle, Prof. Dr. Tobias Just, Peter Weis, Thomas Krafft und Wulf von Borzyskowski

<p>Herr Wörle wurde gefragt: Worin sehen Sie die größte Herausforderung für Kommunen in der Zukunft im Bereich Stadtentwicklung?</p>
<p>Herr Professor Justwurde gefragt: Wie sähe das perfekte Gewerbegebäude der Zukunft aus, um das sich Investoren streiten möchten – welche Schlagworte müssten darin vorkommen?</p>
<p>Herr Weis wurde gefragt: Anpassungsdruck auf die Immobilienmärkte erfordert immer mehr Flexibilität und Weitblick. Nun dürfen wir heute hier im schönen und innovativen Weitblick 1.7 tagen, das Sie vor Jahren schon mit Blick in die Zukunft entwickelt haben. Woran müssen Entwickler heute in Ihren Augen vor allem denken, um auch für die Zukunft Weitblick zu beweisen?</p>
<p>Herr Krafft wurde gefragt: Mit dem TONI Park gestalten Sie den Augsburger Süden zusammen mit dem Innovationspark, der WBI AG und weiteren Partnern zukunftsstark für IT- und Hightech-Unternehmen. Welche Anregungen nehmen Sie heute von dem A³ Immobilienkongress mit?</p>
<p>Herr von Borzyskowski, wurde gefragt: Mit Gateway, LeitWerk und Nokera hat sich ein einzigartiges Trio zusammengefunden, das den Wohnungsbau revolutionieren kann. Warum ist das so und was hat das mit Augsburg zu tun?</p>

<p>Herr Wörle wurde gefragt: Worin sehen Sie die größte Herausforderung für Kommunen in der Zukunft im Bereich Stadtentwicklung? Herr Professor Justwurde gefragt: Wie sähe das perfekte Gewerbegebäude der Zukunft aus, um das sich Investoren streiten möchten – welche Schlagworte müssten darin vorkommen? Herr Weis wurde gefragt: Anpassungsdruck auf die Immobilienmärkte erfordert immer mehr Flexibilität und [&hellip;]</p>

<!-- This site is optimized with the Yoast SEO plugin v27.5 - https://yoast.com/product/yoast-seo-wordpress/ -->
<title>A³ Immobilienkongress 2024 Statements von Michael Wörle, Prof. Dr. Tobias Just, Peter Weis, Thomas Krafft und Wulf von Borzyskowski &#187; A³</title>
<meta name="robots" content="index, follow, max-snippet:-1, max-image-preview:large, max-video-preview:-1" />
<link rel="canonical" href="https://www.region-a3.com/en/galerie/a3-immobilienkongress-2024-statements/" />
<meta property="og:locale" content="en_US" />
<meta property="og:type" content="article" />
<meta property="og:title" content="A³ Immobilienkongress 2024 Statements von Michael Wörle, Prof. Dr. Tobias Just, Peter Weis, Thomas Krafft und Wulf von Borzyskowski &#187; A³" />
<meta property="og:description" content="Herr Wörle wurde gefragt: Worin sehen Sie die größte Herausforderung für Kommunen in der Zukunft im Bereich Stadtentwicklung? Herr Professor Justwurde gefragt: Wie sähe das perfekte Gewerbegebäude der Zukunft aus, um das sich Investoren streiten möchten – welche Schlagworte müssten darin vorkommen? Herr Weis wurde gefragt: Anpassungsdruck auf die Immobilienmärkte erfordert immer mehr Flexibilität und [&hellip;]" />
<meta property="og:url" content="https://www.region-a3.com/en/galerie/a3-immobilienkongress-2024-statements/" />
<meta property="og:site_name" content="A³" />
<meta property="article:publisher" content="https://www.facebook.com/pages/Regio-Augsburg-Wirtschaft-GmbH/517310831654971" />
<meta property="article:modified_time" content="2024-09-27T11:27:13+00:00" />
<meta property="og:image" content="https://www.region-a3.com/wp-content/uploads/2021/02/A3-favicon_192x192px.png" />
	<meta property="og:image:width" content="192" />
	<meta property="og:image:height" content="192" />
	<meta property="og:image:type" content="image/png" />
<meta name="twitter:card" content="summary_large_image" />
<meta name="twitter:site" content="@ahoch3_augsburg" />
<meta name="twitter:label1" content="Est. reading time" />
	<meta name="twitter:data1" content="1 minute" />
<script type="application/ld+json" class="yoast-schema-graph">{"@context":"https:\/\/schema.org","@graph":[{"@type":"WebPage","@id":"https:\/\/www.region-a3.com\/en\/galerie\/a3-immobilienkongress-2024-statements\/","url":"https:\/\/www.region-a3.com\/en\/galerie\/a3-immobilienkongress-2024-statements\/","name":"A³ Immobilienkongress 2024 Statements von Michael Wörle, Prof. Dr. Tobias Just, Peter Weis, Thomas Krafft und Wulf von Borzyskowski &#187; A³","isPartOf":{"@id":"https:\/\/www.region-a3.com\/en\/#website"},"datePublished":"2024-09-27T10:53:01+00:00","dateModified":"2024-09-27T11:27:13+00:00","breadcrumb":{"@id":"https:\/\/www.region-a3.com\/en\/galerie\/a3-immobilienkongress-2024-statements\/#breadcrumb"},"inLanguage":"en-US","potentialAction":[{"@type":"ReadAction","target":["https:\/\/www.region-a3.com\/en\/galerie\/a3-immobilienkongress-2024-statements\/"]}]},{"@type":"BreadcrumbList","@id":"https:\/\/www.region-a3.com\/en\/galerie\/a3-immobilienkongress-2024-statements\/#breadcrumb","itemListElement":[{"@type":"ListItem","position":1,"name":"Mediengallerien","item":"https:\/\/www.region-a3.com\/en\/galerie\/"},{"@type":"ListItem","position":2,"name":"A³ Immobilienkongress 2024 Statements von Michael Wörle, Prof. Dr. Tobias Just, Peter Weis, Thomas Krafft und Wulf von Borzyskowski"}]},{"@type":"WebSite","@id":"https:\/\/www.region-a3.com\/en\/#website","url":"https:\/\/www.region-a3.com\/en\/","name":"A³","description":"Website der Regio Augsburg Wirtschaft GmbH","publisher":{"@id":"https:\/\/www.region-a3.com\/en\/#organization"},"potentialAction":[{"@type":"SearchAction","target":{"@type":"EntryPoint","urlTemplate":"https:\/\/www.region-a3.com\/en\/?s={search_term_string}"},"query-input":{"@type":"PropertyValueSpecification","valueRequired":true,"valueName":"search_term_string"}}],"inLanguage":"en-US"},{"@type":"Organization","@id":"https:\/\/www.region-a3.com\/en\/#organization","name":"Regio Augsburg Wirtschaft GmbH","url":"https:\/\/www.region-a3.com\/en\/","logo":{"@type":"ImageObject","inLanguage":"en-US","@id":"https:\/\/www.region-a3.com\/en\/#\/schema\/logo\/image\/","url":"https:\/\/www.region-a3.com\/wp-content\/uploads\/2020\/11\/A3-Regio_Augsburg_Wirtschaft-Logo-rgb.jpg","contentUrl":"https:\/\/www.region-a3.com\/wp-content\/uploads\/2020\/11\/A3-Regio_Augsburg_Wirtschaft-Logo-rgb.jpg","width":692,"height":265,"caption":"Regio Augsburg Wirtschaft GmbH"},"image":{"@id":"https:\/\/www.region-a3.com\/en\/#\/schema\/logo\/image\/"},"sameAs":["https:\/\/www.facebook.com\/pages\/Regio-Augsburg-Wirtschaft-GmbH\/517310831654971","https:\/\/x.com\/ahoch3_augsburg","https:\/\/www.linkedin.com\/company\/regio-augsburg-wirtschaft-gmbh","https:\/\/www.youtube.com\/user\/RegionA3"]}]}</script>
<!-- / Yoast SEO plugin. -->

A³ Immobilienkongress 2024 Statements von Michael Wörle, Prof. Dr. Tobias Just, Peter Weis, Thomas Krafft und Wulf von Borzyskowski &#187; A³

Herr Wörle wurde gefragt: Worin sehen Sie die größte Herausforderung für Kommunen in der Zukunft im Bereich Stadtentwicklung? Herr Professor Justwurde gefragt: Wie sähe das perfekte Gewerbegebäude der Zukunft aus, um das sich Investoren streiten möchten – welche Schlagworte müssten darin vorkommen? Herr Weis wurde gefragt: Anpassungsdruck auf die Immobilienmärkte erfordert immer mehr Flexibilität und [&hellip;]
