{"id":206524,"date":"2024-10-25T10:23:51","date_gmt":"2024-10-25T08:23:51","guid":{"rendered":"https:\/\/www.region-a3.com\/?post_type=mediagallery&#038;p=206524"},"modified":"2026-04-22T10:32:19","modified_gmt":"2026-04-22T08:32:19","slug":"buehne-und-publikum-nachhaltigkeitstag-wirtschaft-2024","status":"publish","type":"mediagallery","link":"https:\/\/www.region-a3.com\/en\/galerie\/buehne-und-publikum-nachhaltigkeitstag-wirtschaft-2024\/","title":{"rendered":"B\u00fchne und Publikum \/ Nachhaltigkeitstag Wirtschaft 2024"},"content":{"rendered":"","protected":false},"excerpt":{"rendered":"<p>Der Nachhaltigkeitstag Wirtschaft A\u00b3 brachte auch dieses Jahr zahlreiche Unternehmer, Experten und Interessierte aus der Region zusammen, um nachhaltiges Wirtschaften in den Mittelpunkt zu r\u00fccken. Seit 2017 ist die Veranstaltung eine wichtige Plattform f\u00fcr den Austausch und die Vernetzung zu nachhaltigen Gesch\u00e4ftsmodellen. <\/p>\n","protected":false},"featured_media":0,"template":"","meta":{"_acf_changed":false},"gallery_name":[324],"mediagallerien_category":[335],"mediengallerie_tag":[537],"mediagallery_cat":[255],"class_list":["post-206524","mediagallery","type-mediagallery","status-publish","hentry","gallery_name-nachhaltiges-wirtschaften","mediagallerien_category-nachhaltigkeitstag-wirtschaft","mediengallerie_tag-nachhaltigkeitstag24","mediagallery_cat-foto"],"acf":[],"yoast_head":"<!-- This site is optimized with the Yoast SEO plugin v27.5 - https:\/\/yoast.com\/product\/yoast-seo-wordpress\/ -->\n<title>B\u00fchne und Publikum \/ Nachhaltigkeitstag Wirtschaft 2024 &#187; A\u00b3<\/title>\n<meta name=\"robots\" content=\"index, follow, max-snippet:-1, max-image-preview:large, max-video-preview:-1\" \/>\n<link rel=\"canonical\" href=\"https:\/\/www.region-a3.com\/en\/galerie\/buehne-und-publikum-nachhaltigkeitstag-wirtschaft-2024\/\" \/>\n<meta property=\"og:locale\" content=\"en_US\" \/>\n<meta property=\"og:type\" content=\"article\" \/>\n<meta property=\"og:title\" content=\"B\u00fchne und Publikum \/ Nachhaltigkeitstag Wirtschaft 2024 &#187; A\u00b3\" \/>\n<meta property=\"og:description\" content=\"Der Nachhaltigkeitstag Wirtschaft A\u00b3 brachte auch dieses Jahr zahlreiche Unternehmer, Experten und Interessierte aus der Region zusammen, um nachhaltiges Wirtschaften in den Mittelpunkt zu r\u00fccken. Seit 2017 ist die Veranstaltung eine wichtige Plattform f\u00fcr den Austausch und die Vernetzung zu nachhaltigen Gesch\u00e4ftsmodellen.\" \/>\n<meta property=\"og:url\" content=\"https:\/\/www.region-a3.com\/en\/galerie\/buehne-und-publikum-nachhaltigkeitstag-wirtschaft-2024\/\" \/>\n<meta property=\"og:site_name\" content=\"A\u00b3\" \/>\n<meta property=\"article:publisher\" content=\"https:\/\/www.facebook.com\/pages\/Regio-Augsburg-Wirtschaft-GmbH\/517310831654971\" \/>\n<meta property=\"article:modified_time\" content=\"2026-04-22T08:32:19+00:00\" \/>\n<meta property=\"og:image\" content=\"https:\/\/www.region-a3.com\/wp-content\/uploads\/2021\/02\/A3-favicon_192x192px.png\" \/>\n\t<meta property=\"og:image:width\" content=\"192\" \/>\n\t<meta property=\"og:image:height\" content=\"192\" \/>\n\t<meta property=\"og:image:type\" content=\"image\/png\" \/>\n<meta name=\"twitter:card\" content=\"summary_large_image\" \/>\n<meta name=\"twitter:site\" content=\"@ahoch3_augsburg\" \/>\n<script type=\"application\/ld+json\" class=\"yoast-schema-graph\">{\"@context\":\"https:\\\/\\\/schema.org\",\"@graph\":[{\"@type\":\"WebPage\",\"@id\":\"https:\\\/\\\/www.region-a3.com\\\/en\\\/galerie\\\/buehne-und-publikum-nachhaltigkeitstag-wirtschaft-2024\\\/\",\"url\":\"https:\\\/\\\/www.region-a3.com\\\/en\\\/galerie\\\/buehne-und-publikum-nachhaltigkeitstag-wirtschaft-2024\\\/\",\"name\":\"B\u00fchne und Publikum \\\/ Nachhaltigkeitstag Wirtschaft 2024 &#187; A\u00b3\",\"isPartOf\":{\"@id\":\"https:\\\/\\\/www.region-a3.com\\\/en\\\/#website\"},\"datePublished\":\"2024-10-25T08:23:51+00:00\",\"dateModified\":\"2026-04-22T08:32:19+00:00\",\"breadcrumb\":{\"@id\":\"https:\\\/\\\/www.region-a3.com\\\/en\\\/galerie\\\/buehne-und-publikum-nachhaltigkeitstag-wirtschaft-2024\\\/#breadcrumb\"},\"inLanguage\":\"en-US\",\"potentialAction\":[{\"@type\":\"ReadAction\",\"target\":[\"https:\\\/\\\/www.region-a3.com\\\/en\\\/galerie\\\/buehne-und-publikum-nachhaltigkeitstag-wirtschaft-2024\\\/\"]}]},{\"@type\":\"BreadcrumbList\",\"@id\":\"https:\\\/\\\/www.region-a3.com\\\/en\\\/galerie\\\/buehne-und-publikum-nachhaltigkeitstag-wirtschaft-2024\\\/#breadcrumb\",\"itemListElement\":[{\"@type\":\"ListItem\",\"position\":1,\"name\":\"Mediengallerien\",\"item\":\"https:\\\/\\\/www.region-a3.com\\\/en\\\/galerie\\\/\"},{\"@type\":\"ListItem\",\"position\":2,\"name\":\"B\u00fchne und Publikum \\\/ Nachhaltigkeitstag Wirtschaft 2024\"}]},{\"@type\":\"WebSite\",\"@id\":\"https:\\\/\\\/www.region-a3.com\\\/en\\\/#website\",\"url\":\"https:\\\/\\\/www.region-a3.com\\\/en\\\/\",\"name\":\"A\u00b3\",\"description\":\"Website der Regio Augsburg Wirtschaft GmbH\",\"publisher\":{\"@id\":\"https:\\\/\\\/www.region-a3.com\\\/en\\\/#organization\"},\"potentialAction\":[{\"@type\":\"SearchAction\",\"target\":{\"@type\":\"EntryPoint\",\"urlTemplate\":\"https:\\\/\\\/www.region-a3.com\\\/en\\\/?s={search_term_string}\"},\"query-input\":{\"@type\":\"PropertyValueSpecification\",\"valueRequired\":true,\"valueName\":\"search_term_string\"}}],\"inLanguage\":\"en-US\"},{\"@type\":\"Organization\",\"@id\":\"https:\\\/\\\/www.region-a3.com\\\/en\\\/#organization\",\"name\":\"Regio Augsburg Wirtschaft GmbH\",\"url\":\"https:\\\/\\\/www.region-a3.com\\\/en\\\/\",\"logo\":{\"@type\":\"ImageObject\",\"inLanguage\":\"en-US\",\"@id\":\"https:\\\/\\\/www.region-a3.com\\\/en\\\/#\\\/schema\\\/logo\\\/image\\\/\",\"url\":\"https:\\\/\\\/www.region-a3.com\\\/wp-content\\\/uploads\\\/2020\\\/11\\\/A3-Regio_Augsburg_Wirtschaft-Logo-rgb.jpg\",\"contentUrl\":\"https:\\\/\\\/www.region-a3.com\\\/wp-content\\\/uploads\\\/2020\\\/11\\\/A3-Regio_Augsburg_Wirtschaft-Logo-rgb.jpg\",\"width\":692,\"height\":265,\"caption\":\"Regio Augsburg Wirtschaft GmbH\"},\"image\":{\"@id\":\"https:\\\/\\\/www.region-a3.com\\\/en\\\/#\\\/schema\\\/logo\\\/image\\\/\"},\"sameAs\":[\"https:\\\/\\\/www.facebook.com\\\/pages\\\/Regio-Augsburg-Wirtschaft-GmbH\\\/517310831654971\",\"https:\\\/\\\/x.com\\\/ahoch3_augsburg\",\"https:\\\/\\\/www.linkedin.com\\\/company\\\/regio-augsburg-wirtschaft-gmbh\",\"https:\\\/\\\/www.youtube.com\\\/user\\\/RegionA3\"]}]}<\/script>\n<!-- \/ Yoast SEO plugin. -->","yoast_head_json":{"title":"B\u00fchne und Publikum \/ Nachhaltigkeitstag Wirtschaft 2024 &#187; A\u00b3","robots":{"index":"index","follow":"follow","max-snippet":"max-snippet:-1","max-image-preview":"max-image-preview:large","max-video-preview":"max-video-preview:-1"},"canonical":"https:\/\/www.region-a3.com\/en\/galerie\/buehne-und-publikum-nachhaltigkeitstag-wirtschaft-2024\/","og_locale":"en_US","og_type":"article","og_title":"B\u00fchne und Publikum \/ Nachhaltigkeitstag Wirtschaft 2024 &#187; A\u00b3","og_description":"Der Nachhaltigkeitstag Wirtschaft A\u00b3 brachte auch dieses Jahr zahlreiche Unternehmer, Experten und Interessierte aus der Region zusammen, um nachhaltiges Wirtschaften in den Mittelpunkt zu r\u00fccken. Seit 2017 ist die Veranstaltung eine wichtige Plattform f\u00fcr den Austausch und die Vernetzung zu nachhaltigen Gesch\u00e4ftsmodellen.","og_url":"https:\/\/www.region-a3.com\/en\/galerie\/buehne-und-publikum-nachhaltigkeitstag-wirtschaft-2024\/","og_site_name":"A\u00b3","article_publisher":"https:\/\/www.facebook.com\/pages\/Regio-Augsburg-Wirtschaft-GmbH\/517310831654971","article_modified_time":"2026-04-22T08:32:19+00:00","og_image":[{"width":192,"height":192,"url":"https:\/\/www.region-a3.com\/wp-content\/uploads\/2021\/02\/A3-favicon_192x192px.png","type":"image\/png"}],"twitter_card":"summary_large_image","twitter_site":"@ahoch3_augsburg","schema":{"@context":"https:\/\/schema.org","@graph":[{"@type":"WebPage","@id":"https:\/\/www.region-a3.com\/en\/galerie\/buehne-und-publikum-nachhaltigkeitstag-wirtschaft-2024\/","url":"https:\/\/www.region-a3.com\/en\/galerie\/buehne-und-publikum-nachhaltigkeitstag-wirtschaft-2024\/","name":"B\u00fchne und Publikum \/ Nachhaltigkeitstag Wirtschaft 2024 &#187; A\u00b3","isPartOf":{"@id":"https:\/\/www.region-a3.com\/en\/#website"},"datePublished":"2024-10-25T08:23:51+00:00","dateModified":"2026-04-22T08:32:19+00:00","breadcrumb":{"@id":"https:\/\/www.region-a3.com\/en\/galerie\/buehne-und-publikum-nachhaltigkeitstag-wirtschaft-2024\/#breadcrumb"},"inLanguage":"en-US","potentialAction":[{"@type":"ReadAction","target":["https:\/\/www.region-a3.com\/en\/galerie\/buehne-und-publikum-nachhaltigkeitstag-wirtschaft-2024\/"]}]},{"@type":"BreadcrumbList","@id":"https:\/\/www.region-a3.com\/en\/galerie\/buehne-und-publikum-nachhaltigkeitstag-wirtschaft-2024\/#breadcrumb","itemListElement":[{"@type":"ListItem","position":1,"name":"Mediengallerien","item":"https:\/\/www.region-a3.com\/en\/galerie\/"},{"@type":"ListItem","position":2,"name":"B\u00fchne und Publikum \/ Nachhaltigkeitstag Wirtschaft 2024"}]},{"@type":"WebSite","@id":"https:\/\/www.region-a3.com\/en\/#website","url":"https:\/\/www.region-a3.com\/en\/","name":"A\u00b3","description":"Website der Regio Augsburg Wirtschaft GmbH","publisher":{"@id":"https:\/\/www.region-a3.com\/en\/#organization"},"potentialAction":[{"@type":"SearchAction","target":{"@type":"EntryPoint","urlTemplate":"https:\/\/www.region-a3.com\/en\/?s={search_term_string}"},"query-input":{"@type":"PropertyValueSpecification","valueRequired":true,"valueName":"search_term_string"}}],"inLanguage":"en-US"},{"@type":"Organization","@id":"https:\/\/www.region-a3.com\/en\/#organization","name":"Regio Augsburg Wirtschaft GmbH","url":"https:\/\/www.region-a3.com\/en\/","logo":{"@type":"ImageObject","inLanguage":"en-US","@id":"https:\/\/www.region-a3.com\/en\/#\/schema\/logo\/image\/","url":"https:\/\/www.region-a3.com\/wp-content\/uploads\/2020\/11\/A3-Regio_Augsburg_Wirtschaft-Logo-rgb.jpg","contentUrl":"https:\/\/www.region-a3.com\/wp-content\/uploads\/2020\/11\/A3-Regio_Augsburg_Wirtschaft-Logo-rgb.jpg","width":692,"height":265,"caption":"Regio Augsburg Wirtschaft GmbH"},"image":{"@id":"https:\/\/www.region-a3.com\/en\/#\/schema\/logo\/image\/"},"sameAs":["https:\/\/www.facebook.com\/pages\/Regio-Augsburg-Wirtschaft-GmbH\/517310831654971","https:\/\/x.com\/ahoch3_augsburg","https:\/\/www.linkedin.com\/company\/regio-augsburg-wirtschaft-gmbh","https:\/\/www.youtube.com\/user\/RegionA3"]}]}},"publishpress_future_workflow_manual_trigger":{"enabledWorkflows":[]},"_links":{"self":[{"href":"https:\/\/www.region-a3.com\/en\/wp-json\/wp\/v2\/mediagallery\/206524","targetHints":{"allow":["GET"]}}],"collection":[{"href":"https:\/\/www.region-a3.com\/en\/wp-json\/wp\/v2\/mediagallery"}],"about":[{"href":"https:\/\/www.region-a3.com\/en\/wp-json\/wp\/v2\/types\/mediagallery"}],"wp:attachment":[{"href":"https:\/\/www.region-a3.com\/en\/wp-json\/wp\/v2\/media?parent=206524"}],"wp:term":[{"taxonomy":"gallery_name","embeddable":true,"href":"https:\/\/www.region-a3.com\/en\/wp-json\/wp\/v2\/gallery_name?post=206524"},{"taxonomy":"mediagallerien_category","embeddable":true,"href":"https:\/\/www.region-a3.com\/en\/wp-json\/wp\/v2\/mediagallerien_category?post=206524"},{"taxonomy":"mediengallerie_tag","embeddable":true,"href":"https:\/\/www.region-a3.com\/en\/wp-json\/wp\/v2\/mediengallerie_tag?post=206524"},{"taxonomy":"mediagallery_cat","embeddable":true,"href":"https:\/\/www.region-a3.com\/en\/wp-json\/wp\/v2\/mediagallery_cat?post=206524"}],"curies":[{"name":"wp","href":"https:\/\/api.w.org\/{rel}","templated":true}]}}

Bühne und Publikum / Nachhaltigkeitstag Wirtschaft 2024

<p>Der Nachhaltigkeitstag Wirtschaft A³ brachte auch dieses Jahr zahlreiche Unternehmer, Experten und Interessierte aus der Region zusammen, um nachhaltiges Wirtschaften in den Mittelpunkt zu rücken. Seit 2017 ist die Veranstaltung eine wichtige Plattform für den Austausch und die Vernetzung zu nachhaltigen Geschäftsmodellen. </p>

<!-- This site is optimized with the Yoast SEO plugin v27.5 - https://yoast.com/product/yoast-seo-wordpress/ -->
<title>Bühne und Publikum / Nachhaltigkeitstag Wirtschaft 2024 &#187; A³</title>
<meta name="robots" content="index, follow, max-snippet:-1, max-image-preview:large, max-video-preview:-1" />
<link rel="canonical" href="https://www.region-a3.com/en/galerie/buehne-und-publikum-nachhaltigkeitstag-wirtschaft-2024/" />
<meta property="og:locale" content="en_US" />
<meta property="og:type" content="article" />
<meta property="og:title" content="Bühne und Publikum / Nachhaltigkeitstag Wirtschaft 2024 &#187; A³" />
<meta property="og:description" content="Der Nachhaltigkeitstag Wirtschaft A³ brachte auch dieses Jahr zahlreiche Unternehmer, Experten und Interessierte aus der Region zusammen, um nachhaltiges Wirtschaften in den Mittelpunkt zu rücken. Seit 2017 ist die Veranstaltung eine wichtige Plattform für den Austausch und die Vernetzung zu nachhaltigen Geschäftsmodellen." />
<meta property="og:url" content="https://www.region-a3.com/en/galerie/buehne-und-publikum-nachhaltigkeitstag-wirtschaft-2024/" />
<meta property="og:site_name" content="A³" />
<meta property="article:publisher" content="https://www.facebook.com/pages/Regio-Augsburg-Wirtschaft-GmbH/517310831654971" />
<meta property="article:modified_time" content="2026-04-22T08:32:19+00:00" />
<meta property="og:image" content="https://www.region-a3.com/wp-content/uploads/2021/02/A3-favicon_192x192px.png" />
	<meta property="og:image:width" content="192" />
	<meta property="og:image:height" content="192" />
	<meta property="og:image:type" content="image/png" />
<meta name="twitter:card" content="summary_large_image" />
<meta name="twitter:site" content="@ahoch3_augsburg" />
<script type="application/ld+json" class="yoast-schema-graph">{"@context":"https:\/\/schema.org","@graph":[{"@type":"WebPage","@id":"https:\/\/www.region-a3.com\/en\/galerie\/buehne-und-publikum-nachhaltigkeitstag-wirtschaft-2024\/","url":"https:\/\/www.region-a3.com\/en\/galerie\/buehne-und-publikum-nachhaltigkeitstag-wirtschaft-2024\/","name":"Bühne und Publikum \/ Nachhaltigkeitstag Wirtschaft 2024 &#187; A³","isPartOf":{"@id":"https:\/\/www.region-a3.com\/en\/#website"},"datePublished":"2024-10-25T08:23:51+00:00","dateModified":"2026-04-22T08:32:19+00:00","breadcrumb":{"@id":"https:\/\/www.region-a3.com\/en\/galerie\/buehne-und-publikum-nachhaltigkeitstag-wirtschaft-2024\/#breadcrumb"},"inLanguage":"en-US","potentialAction":[{"@type":"ReadAction","target":["https:\/\/www.region-a3.com\/en\/galerie\/buehne-und-publikum-nachhaltigkeitstag-wirtschaft-2024\/"]}]},{"@type":"BreadcrumbList","@id":"https:\/\/www.region-a3.com\/en\/galerie\/buehne-und-publikum-nachhaltigkeitstag-wirtschaft-2024\/#breadcrumb","itemListElement":[{"@type":"ListItem","position":1,"name":"Mediengallerien","item":"https:\/\/www.region-a3.com\/en\/galerie\/"},{"@type":"ListItem","position":2,"name":"Bühne und Publikum \/ Nachhaltigkeitstag Wirtschaft 2024"}]},{"@type":"WebSite","@id":"https:\/\/www.region-a3.com\/en\/#website","url":"https:\/\/www.region-a3.com\/en\/","name":"A³","description":"Website der Regio Augsburg Wirtschaft GmbH","publisher":{"@id":"https:\/\/www.region-a3.com\/en\/#organization"},"potentialAction":[{"@type":"SearchAction","target":{"@type":"EntryPoint","urlTemplate":"https:\/\/www.region-a3.com\/en\/?s={search_term_string}"},"query-input":{"@type":"PropertyValueSpecification","valueRequired":true,"valueName":"search_term_string"}}],"inLanguage":"en-US"},{"@type":"Organization","@id":"https:\/\/www.region-a3.com\/en\/#organization","name":"Regio Augsburg Wirtschaft GmbH","url":"https:\/\/www.region-a3.com\/en\/","logo":{"@type":"ImageObject","inLanguage":"en-US","@id":"https:\/\/www.region-a3.com\/en\/#\/schema\/logo\/image\/","url":"https:\/\/www.region-a3.com\/wp-content\/uploads\/2020\/11\/A3-Regio_Augsburg_Wirtschaft-Logo-rgb.jpg","contentUrl":"https:\/\/www.region-a3.com\/wp-content\/uploads\/2020\/11\/A3-Regio_Augsburg_Wirtschaft-Logo-rgb.jpg","width":692,"height":265,"caption":"Regio Augsburg Wirtschaft GmbH"},"image":{"@id":"https:\/\/www.region-a3.com\/en\/#\/schema\/logo\/image\/"},"sameAs":["https:\/\/www.facebook.com\/pages\/Regio-Augsburg-Wirtschaft-GmbH\/517310831654971","https:\/\/x.com\/ahoch3_augsburg","https:\/\/www.linkedin.com\/company\/regio-augsburg-wirtschaft-gmbh","https:\/\/www.youtube.com\/user\/RegionA3"]}]}</script>
<!-- / Yoast SEO plugin. -->

Bühne und Publikum / Nachhaltigkeitstag Wirtschaft 2024 &#187; A³

Der Nachhaltigkeitstag Wirtschaft A³ brachte auch dieses Jahr zahlreiche Unternehmer, Experten und Interessierte aus der Region zusammen, um nachhaltiges Wirtschaften in den Mittelpunkt zu rücken. Seit 2017 ist die Veranstaltung eine wichtige Plattform für den Austausch und die Vernetzung zu nachhaltigen Geschäftsmodellen.
