{"id":238928,"date":"2025-07-10T13:37:26","date_gmt":"2025-07-10T11:37:26","guid":{"rendered":"https:\/\/www.region-a3.com\/?post_type=mediagallery&#038;p=238928"},"modified":"2025-09-24T09:06:41","modified_gmt":"2025-09-24T07:06:41","slug":"workshop-imu","status":"publish","type":"mediagallery","link":"https:\/\/www.region-a3.com\/en\/galerie\/workshop-imu\/","title":{"rendered":"Workshops imu Nachhaltigkeitsmonitor 2025"},"content":{"rendered":"<p>Am 27. Mai 2025 kamen im imu Augsburg \u00fcber 30 Wirtschaftsakteure zusammen. Nach einer Pr\u00e4sentation erster Ergebnisse aus der ersten Befragung des Monitorings entwickelten die Teilnehmenden in interaktiven Gruppen Formate und Projektans\u00e4tze. Im Fokus standen nachhaltige Gesch\u00e4ftsmodelle, Mitarbeiterbeteiligung, Lernreisen sowie Biodiversit\u00e4t im Betrieb \u2013 wichtige Bausteine f\u00fcr das regionale nachhaltige Wirtschaften. Das Fazit: Die Region verf\u00fcgt \u00fcber enormes Potenzial \u2013 und alle waren sich einig: Die begonnenen Ma\u00dfnahmen sollen kontinuierlich vorangetrieben und vertieft werden.<\/p>\n<p>Der Abschluss vor der Sommerpause bildete eine Workshopsession im Rahmen der Netzwerkveranstaltung \u201eWie Transformation gelingt\u201c am 16 Juli. Hier wurden in zwei Sessions mit regionalen Akteuren einzelne Ma\u00dfnahmen, wie die Ermittlung der Mitarbeiterzufriedenheit, die betriebliche Gesundheitsf\u00f6rderung oder das Einflie\u00dfen von Nachhaltigkeits-Kriterien ins unternehmerische Handeln diskutiert und n\u00e4her definiert. Im n\u00e4chsten Schritt werden in Einzelgespr\u00e4chen die Umsetzung von Ma\u00dfnahmen bzw. Handlungsempfehlungen weiter vorangetrieben.<\/p>\n","protected":false},"excerpt":{"rendered":"<p>Am 27. Mai 2025 kamen im imu Augsburg \u00fcber 30 Wirtschaftsakteure zusammen. Nach einer Pr\u00e4sentation erster Ergebnisse aus der ersten Befragung des Monitorings entwickelten die Teilnehmenden in interaktiven Gruppen Formate und Projektans\u00e4tze. Im Fokus standen nachhaltige Gesch\u00e4ftsmodelle, Mitarbeiterbeteiligung, Lernreisen sowie Biodiversit\u00e4t im Betrieb \u2013 wichtige Bausteine f\u00fcr das regionale nachhaltige Wirtschaften. Das Fazit: Die Region [&hellip;]<\/p>\n","protected":false},"featured_media":0,"template":"","meta":{"_acf_changed":false},"gallery_name":[597],"mediagallerien_category":[],"mediengallerie_tag":[],"mediagallery_cat":[255],"class_list":["post-238928","mediagallery","type-mediagallery","status-publish","hentry","gallery_name-nachhaltigkeitsmonitoring","mediagallery_cat-foto"],"acf":[],"yoast_head":"<!-- This site is optimized with the Yoast SEO plugin v27.5 - https:\/\/yoast.com\/product\/yoast-seo-wordpress\/ -->\n<title>Workshops imu Nachhaltigkeitsmonitor 2025 &#187; A\u00b3<\/title>\n<meta name=\"robots\" content=\"index, follow, max-snippet:-1, max-image-preview:large, max-video-preview:-1\" \/>\n<link rel=\"canonical\" href=\"https:\/\/www.region-a3.com\/en\/galerie\/workshop-imu\/\" \/>\n<meta property=\"og:locale\" content=\"en_US\" \/>\n<meta property=\"og:type\" content=\"article\" \/>\n<meta property=\"og:title\" content=\"Workshops imu Nachhaltigkeitsmonitor 2025 &#187; A\u00b3\" \/>\n<meta property=\"og:description\" content=\"Am 27. Mai 2025 kamen im imu Augsburg \u00fcber 30 Wirtschaftsakteure zusammen. Nach einer Pr\u00e4sentation erster Ergebnisse aus der ersten Befragung des Monitorings entwickelten die Teilnehmenden in interaktiven Gruppen Formate und Projektans\u00e4tze. Im Fokus standen nachhaltige Gesch\u00e4ftsmodelle, Mitarbeiterbeteiligung, Lernreisen sowie Biodiversit\u00e4t im Betrieb \u2013 wichtige Bausteine f\u00fcr das regionale nachhaltige Wirtschaften. Das Fazit: Die Region [&hellip;]\" \/>\n<meta property=\"og:url\" content=\"https:\/\/www.region-a3.com\/en\/galerie\/workshop-imu\/\" \/>\n<meta property=\"og:site_name\" content=\"A\u00b3\" \/>\n<meta property=\"article:publisher\" content=\"https:\/\/www.facebook.com\/pages\/Regio-Augsburg-Wirtschaft-GmbH\/517310831654971\" \/>\n<meta property=\"article:modified_time\" content=\"2025-09-24T07:06:41+00:00\" \/>\n<meta property=\"og:image\" content=\"https:\/\/www.region-a3.com\/wp-content\/uploads\/2021\/02\/A3-favicon_192x192px.png\" \/>\n\t<meta property=\"og:image:width\" content=\"192\" \/>\n\t<meta property=\"og:image:height\" content=\"192\" \/>\n\t<meta property=\"og:image:type\" content=\"image\/png\" \/>\n<meta name=\"twitter:card\" content=\"summary_large_image\" \/>\n<meta name=\"twitter:site\" content=\"@ahoch3_augsburg\" \/>\n<meta name=\"twitter:label1\" content=\"Est. reading time\" \/>\n\t<meta name=\"twitter:data1\" content=\"1 minute\" \/>\n<script type=\"application\/ld+json\" class=\"yoast-schema-graph\">{\"@context\":\"https:\\\/\\\/schema.org\",\"@graph\":[{\"@type\":\"WebPage\",\"@id\":\"https:\\\/\\\/www.region-a3.com\\\/en\\\/galerie\\\/workshop-imu\\\/\",\"url\":\"https:\\\/\\\/www.region-a3.com\\\/en\\\/galerie\\\/workshop-imu\\\/\",\"name\":\"Workshops imu Nachhaltigkeitsmonitor 2025 &#187; A\u00b3\",\"isPartOf\":{\"@id\":\"https:\\\/\\\/www.region-a3.com\\\/en\\\/#website\"},\"datePublished\":\"2025-07-10T11:37:26+00:00\",\"dateModified\":\"2025-09-24T07:06:41+00:00\",\"breadcrumb\":{\"@id\":\"https:\\\/\\\/www.region-a3.com\\\/en\\\/galerie\\\/workshop-imu\\\/#breadcrumb\"},\"inLanguage\":\"en-US\",\"potentialAction\":[{\"@type\":\"ReadAction\",\"target\":[\"https:\\\/\\\/www.region-a3.com\\\/en\\\/galerie\\\/workshop-imu\\\/\"]}]},{\"@type\":\"BreadcrumbList\",\"@id\":\"https:\\\/\\\/www.region-a3.com\\\/en\\\/galerie\\\/workshop-imu\\\/#breadcrumb\",\"itemListElement\":[{\"@type\":\"ListItem\",\"position\":1,\"name\":\"Mediengallerien\",\"item\":\"https:\\\/\\\/www.region-a3.com\\\/en\\\/galerie\\\/\"},{\"@type\":\"ListItem\",\"position\":2,\"name\":\"Workshops imu Nachhaltigkeitsmonitor 2025\"}]},{\"@type\":\"WebSite\",\"@id\":\"https:\\\/\\\/www.region-a3.com\\\/en\\\/#website\",\"url\":\"https:\\\/\\\/www.region-a3.com\\\/en\\\/\",\"name\":\"A\u00b3\",\"description\":\"Website der Regio Augsburg Wirtschaft GmbH\",\"publisher\":{\"@id\":\"https:\\\/\\\/www.region-a3.com\\\/en\\\/#organization\"},\"potentialAction\":[{\"@type\":\"SearchAction\",\"target\":{\"@type\":\"EntryPoint\",\"urlTemplate\":\"https:\\\/\\\/www.region-a3.com\\\/en\\\/?s={search_term_string}\"},\"query-input\":{\"@type\":\"PropertyValueSpecification\",\"valueRequired\":true,\"valueName\":\"search_term_string\"}}],\"inLanguage\":\"en-US\"},{\"@type\":\"Organization\",\"@id\":\"https:\\\/\\\/www.region-a3.com\\\/en\\\/#organization\",\"name\":\"Regio Augsburg Wirtschaft GmbH\",\"url\":\"https:\\\/\\\/www.region-a3.com\\\/en\\\/\",\"logo\":{\"@type\":\"ImageObject\",\"inLanguage\":\"en-US\",\"@id\":\"https:\\\/\\\/www.region-a3.com\\\/en\\\/#\\\/schema\\\/logo\\\/image\\\/\",\"url\":\"https:\\\/\\\/www.region-a3.com\\\/wp-content\\\/uploads\\\/2020\\\/11\\\/A3-Regio_Augsburg_Wirtschaft-Logo-rgb.jpg\",\"contentUrl\":\"https:\\\/\\\/www.region-a3.com\\\/wp-content\\\/uploads\\\/2020\\\/11\\\/A3-Regio_Augsburg_Wirtschaft-Logo-rgb.jpg\",\"width\":692,\"height\":265,\"caption\":\"Regio Augsburg Wirtschaft GmbH\"},\"image\":{\"@id\":\"https:\\\/\\\/www.region-a3.com\\\/en\\\/#\\\/schema\\\/logo\\\/image\\\/\"},\"sameAs\":[\"https:\\\/\\\/www.facebook.com\\\/pages\\\/Regio-Augsburg-Wirtschaft-GmbH\\\/517310831654971\",\"https:\\\/\\\/x.com\\\/ahoch3_augsburg\",\"https:\\\/\\\/www.linkedin.com\\\/company\\\/regio-augsburg-wirtschaft-gmbh\",\"https:\\\/\\\/www.youtube.com\\\/user\\\/RegionA3\"]}]}<\/script>\n<!-- \/ Yoast SEO plugin. -->","yoast_head_json":{"title":"Workshops imu Nachhaltigkeitsmonitor 2025 &#187; A\u00b3","robots":{"index":"index","follow":"follow","max-snippet":"max-snippet:-1","max-image-preview":"max-image-preview:large","max-video-preview":"max-video-preview:-1"},"canonical":"https:\/\/www.region-a3.com\/en\/galerie\/workshop-imu\/","og_locale":"en_US","og_type":"article","og_title":"Workshops imu Nachhaltigkeitsmonitor 2025 &#187; A\u00b3","og_description":"Am 27. Mai 2025 kamen im imu Augsburg \u00fcber 30 Wirtschaftsakteure zusammen. Nach einer Pr\u00e4sentation erster Ergebnisse aus der ersten Befragung des Monitorings entwickelten die Teilnehmenden in interaktiven Gruppen Formate und Projektans\u00e4tze. Im Fokus standen nachhaltige Gesch\u00e4ftsmodelle, Mitarbeiterbeteiligung, Lernreisen sowie Biodiversit\u00e4t im Betrieb \u2013 wichtige Bausteine f\u00fcr das regionale nachhaltige Wirtschaften. Das Fazit: Die Region [&hellip;]","og_url":"https:\/\/www.region-a3.com\/en\/galerie\/workshop-imu\/","og_site_name":"A\u00b3","article_publisher":"https:\/\/www.facebook.com\/pages\/Regio-Augsburg-Wirtschaft-GmbH\/517310831654971","article_modified_time":"2025-09-24T07:06:41+00:00","og_image":[{"width":192,"height":192,"url":"https:\/\/www.region-a3.com\/wp-content\/uploads\/2021\/02\/A3-favicon_192x192px.png","type":"image\/png"}],"twitter_card":"summary_large_image","twitter_site":"@ahoch3_augsburg","twitter_misc":{"Est. reading time":"1 minute"},"schema":{"@context":"https:\/\/schema.org","@graph":[{"@type":"WebPage","@id":"https:\/\/www.region-a3.com\/en\/galerie\/workshop-imu\/","url":"https:\/\/www.region-a3.com\/en\/galerie\/workshop-imu\/","name":"Workshops imu Nachhaltigkeitsmonitor 2025 &#187; A\u00b3","isPartOf":{"@id":"https:\/\/www.region-a3.com\/en\/#website"},"datePublished":"2025-07-10T11:37:26+00:00","dateModified":"2025-09-24T07:06:41+00:00","breadcrumb":{"@id":"https:\/\/www.region-a3.com\/en\/galerie\/workshop-imu\/#breadcrumb"},"inLanguage":"en-US","potentialAction":[{"@type":"ReadAction","target":["https:\/\/www.region-a3.com\/en\/galerie\/workshop-imu\/"]}]},{"@type":"BreadcrumbList","@id":"https:\/\/www.region-a3.com\/en\/galerie\/workshop-imu\/#breadcrumb","itemListElement":[{"@type":"ListItem","position":1,"name":"Mediengallerien","item":"https:\/\/www.region-a3.com\/en\/galerie\/"},{"@type":"ListItem","position":2,"name":"Workshops imu Nachhaltigkeitsmonitor 2025"}]},{"@type":"WebSite","@id":"https:\/\/www.region-a3.com\/en\/#website","url":"https:\/\/www.region-a3.com\/en\/","name":"A\u00b3","description":"Website der Regio Augsburg Wirtschaft GmbH","publisher":{"@id":"https:\/\/www.region-a3.com\/en\/#organization"},"potentialAction":[{"@type":"SearchAction","target":{"@type":"EntryPoint","urlTemplate":"https:\/\/www.region-a3.com\/en\/?s={search_term_string}"},"query-input":{"@type":"PropertyValueSpecification","valueRequired":true,"valueName":"search_term_string"}}],"inLanguage":"en-US"},{"@type":"Organization","@id":"https:\/\/www.region-a3.com\/en\/#organization","name":"Regio Augsburg Wirtschaft GmbH","url":"https:\/\/www.region-a3.com\/en\/","logo":{"@type":"ImageObject","inLanguage":"en-US","@id":"https:\/\/www.region-a3.com\/en\/#\/schema\/logo\/image\/","url":"https:\/\/www.region-a3.com\/wp-content\/uploads\/2020\/11\/A3-Regio_Augsburg_Wirtschaft-Logo-rgb.jpg","contentUrl":"https:\/\/www.region-a3.com\/wp-content\/uploads\/2020\/11\/A3-Regio_Augsburg_Wirtschaft-Logo-rgb.jpg","width":692,"height":265,"caption":"Regio Augsburg Wirtschaft GmbH"},"image":{"@id":"https:\/\/www.region-a3.com\/en\/#\/schema\/logo\/image\/"},"sameAs":["https:\/\/www.facebook.com\/pages\/Regio-Augsburg-Wirtschaft-GmbH\/517310831654971","https:\/\/x.com\/ahoch3_augsburg","https:\/\/www.linkedin.com\/company\/regio-augsburg-wirtschaft-gmbh","https:\/\/www.youtube.com\/user\/RegionA3"]}]}},"publishpress_future_workflow_manual_trigger":{"enabledWorkflows":[]},"_links":{"self":[{"href":"https:\/\/www.region-a3.com\/en\/wp-json\/wp\/v2\/mediagallery\/238928","targetHints":{"allow":["GET"]}}],"collection":[{"href":"https:\/\/www.region-a3.com\/en\/wp-json\/wp\/v2\/mediagallery"}],"about":[{"href":"https:\/\/www.region-a3.com\/en\/wp-json\/wp\/v2\/types\/mediagallery"}],"wp:attachment":[{"href":"https:\/\/www.region-a3.com\/en\/wp-json\/wp\/v2\/media?parent=238928"}],"wp:term":[{"taxonomy":"gallery_name","embeddable":true,"href":"https:\/\/www.region-a3.com\/en\/wp-json\/wp\/v2\/gallery_name?post=238928"},{"taxonomy":"mediagallerien_category","embeddable":true,"href":"https:\/\/www.region-a3.com\/en\/wp-json\/wp\/v2\/mediagallerien_category?post=238928"},{"taxonomy":"mediengallerie_tag","embeddable":true,"href":"https:\/\/www.region-a3.com\/en\/wp-json\/wp\/v2\/mediengallerie_tag?post=238928"},{"taxonomy":"mediagallery_cat","embeddable":true,"href":"https:\/\/www.region-a3.com\/en\/wp-json\/wp\/v2\/mediagallery_cat?post=238928"}],"curies":[{"name":"wp","href":"https:\/\/api.w.org\/{rel}","templated":true}]}}

<p>Am 27. Mai 2025 kamen im imu Augsburg über 30 Wirtschaftsakteure zusammen. Nach einer Präsentation erster Ergebnisse aus der ersten Befragung des Monitorings entwickelten die Teilnehmenden in interaktiven Gruppen Formate und Projektansätze. Im Fokus standen nachhaltige Geschäftsmodelle, Mitarbeiterbeteiligung, Lernreisen sowie Biodiversität im Betrieb – wichtige Bausteine für das regionale nachhaltige Wirtschaften. Das Fazit: Die Region verfügt über enormes Potenzial – und alle waren sich einig: Die begonnenen Maßnahmen sollen kontinuierlich vorangetrieben und vertieft werden.</p>
<p>Der Abschluss vor der Sommerpause bildete eine Workshopsession im Rahmen der Netzwerkveranstaltung „Wie Transformation gelingt“ am 16 Juli. Hier wurden in zwei Sessions mit regionalen Akteuren einzelne Maßnahmen, wie die Ermittlung der Mitarbeiterzufriedenheit, die betriebliche Gesundheitsförderung oder das Einfließen von Nachhaltigkeits-Kriterien ins unternehmerische Handeln diskutiert und näher definiert. Im nächsten Schritt werden in Einzelgesprächen die Umsetzung von Maßnahmen bzw. Handlungsempfehlungen weiter vorangetrieben.</p>

<p>Am 27. Mai 2025 kamen im imu Augsburg über 30 Wirtschaftsakteure zusammen. Nach einer Präsentation erster Ergebnisse aus der ersten Befragung des Monitorings entwickelten die Teilnehmenden in interaktiven Gruppen Formate und Projektansätze. Im Fokus standen nachhaltige Geschäftsmodelle, Mitarbeiterbeteiligung, Lernreisen sowie Biodiversität im Betrieb – wichtige Bausteine für das regionale nachhaltige Wirtschaften. Das Fazit: Die Region [&hellip;]</p>

<!-- This site is optimized with the Yoast SEO plugin v27.5 - https://yoast.com/product/yoast-seo-wordpress/ -->
<title>Workshops imu Nachhaltigkeitsmonitor 2025 &#187; A³</title>
<meta name="robots" content="index, follow, max-snippet:-1, max-image-preview:large, max-video-preview:-1" />
<link rel="canonical" href="https://www.region-a3.com/en/galerie/workshop-imu/" />
<meta property="og:locale" content="en_US" />
<meta property="og:type" content="article" />
<meta property="og:title" content="Workshops imu Nachhaltigkeitsmonitor 2025 &#187; A³" />
<meta property="og:description" content="Am 27. Mai 2025 kamen im imu Augsburg über 30 Wirtschaftsakteure zusammen. Nach einer Präsentation erster Ergebnisse aus der ersten Befragung des Monitorings entwickelten die Teilnehmenden in interaktiven Gruppen Formate und Projektansätze. Im Fokus standen nachhaltige Geschäftsmodelle, Mitarbeiterbeteiligung, Lernreisen sowie Biodiversität im Betrieb – wichtige Bausteine für das regionale nachhaltige Wirtschaften. Das Fazit: Die Region [&hellip;]" />
<meta property="og:url" content="https://www.region-a3.com/en/galerie/workshop-imu/" />
<meta property="og:site_name" content="A³" />
<meta property="article:publisher" content="https://www.facebook.com/pages/Regio-Augsburg-Wirtschaft-GmbH/517310831654971" />
<meta property="article:modified_time" content="2025-09-24T07:06:41+00:00" />
<meta property="og:image" content="https://www.region-a3.com/wp-content/uploads/2021/02/A3-favicon_192x192px.png" />
	<meta property="og:image:width" content="192" />
	<meta property="og:image:height" content="192" />
	<meta property="og:image:type" content="image/png" />
<meta name="twitter:card" content="summary_large_image" />
<meta name="twitter:site" content="@ahoch3_augsburg" />
<meta name="twitter:label1" content="Est. reading time" />
	<meta name="twitter:data1" content="1 minute" />
<script type="application/ld+json" class="yoast-schema-graph">{"@context":"https:\/\/schema.org","@graph":[{"@type":"WebPage","@id":"https:\/\/www.region-a3.com\/en\/galerie\/workshop-imu\/","url":"https:\/\/www.region-a3.com\/en\/galerie\/workshop-imu\/","name":"Workshops imu Nachhaltigkeitsmonitor 2025 &#187; A³","isPartOf":{"@id":"https:\/\/www.region-a3.com\/en\/#website"},"datePublished":"2025-07-10T11:37:26+00:00","dateModified":"2025-09-24T07:06:41+00:00","breadcrumb":{"@id":"https:\/\/www.region-a3.com\/en\/galerie\/workshop-imu\/#breadcrumb"},"inLanguage":"en-US","potentialAction":[{"@type":"ReadAction","target":["https:\/\/www.region-a3.com\/en\/galerie\/workshop-imu\/"]}]},{"@type":"BreadcrumbList","@id":"https:\/\/www.region-a3.com\/en\/galerie\/workshop-imu\/#breadcrumb","itemListElement":[{"@type":"ListItem","position":1,"name":"Mediengallerien","item":"https:\/\/www.region-a3.com\/en\/galerie\/"},{"@type":"ListItem","position":2,"name":"Workshops imu Nachhaltigkeitsmonitor 2025"}]},{"@type":"WebSite","@id":"https:\/\/www.region-a3.com\/en\/#website","url":"https:\/\/www.region-a3.com\/en\/","name":"A³","description":"Website der Regio Augsburg Wirtschaft GmbH","publisher":{"@id":"https:\/\/www.region-a3.com\/en\/#organization"},"potentialAction":[{"@type":"SearchAction","target":{"@type":"EntryPoint","urlTemplate":"https:\/\/www.region-a3.com\/en\/?s={search_term_string}"},"query-input":{"@type":"PropertyValueSpecification","valueRequired":true,"valueName":"search_term_string"}}],"inLanguage":"en-US"},{"@type":"Organization","@id":"https:\/\/www.region-a3.com\/en\/#organization","name":"Regio Augsburg Wirtschaft GmbH","url":"https:\/\/www.region-a3.com\/en\/","logo":{"@type":"ImageObject","inLanguage":"en-US","@id":"https:\/\/www.region-a3.com\/en\/#\/schema\/logo\/image\/","url":"https:\/\/www.region-a3.com\/wp-content\/uploads\/2020\/11\/A3-Regio_Augsburg_Wirtschaft-Logo-rgb.jpg","contentUrl":"https:\/\/www.region-a3.com\/wp-content\/uploads\/2020\/11\/A3-Regio_Augsburg_Wirtschaft-Logo-rgb.jpg","width":692,"height":265,"caption":"Regio Augsburg Wirtschaft GmbH"},"image":{"@id":"https:\/\/www.region-a3.com\/en\/#\/schema\/logo\/image\/"},"sameAs":["https:\/\/www.facebook.com\/pages\/Regio-Augsburg-Wirtschaft-GmbH\/517310831654971","https:\/\/x.com\/ahoch3_augsburg","https:\/\/www.linkedin.com\/company\/regio-augsburg-wirtschaft-gmbh","https:\/\/www.youtube.com\/user\/RegionA3"]}]}</script>
<!-- / Yoast SEO plugin. -->

Am 27. Mai 2025 kamen im imu Augsburg über 30 Wirtschaftsakteure zusammen. Nach einer Präsentation erster Ergebnisse aus der ersten Befragung des Monitorings entwickelten die Teilnehmenden in interaktiven Gruppen Formate und Projektansätze. Im Fokus standen nachhaltige Geschäftsmodelle, Mitarbeiterbeteiligung, Lernreisen sowie Biodiversität im Betrieb – wichtige Bausteine für das regionale nachhaltige Wirtschaften. Das Fazit: Die Region [&hellip;]
